Last updated on 2025-11-03 12:49:58 CET.
| Flavor | Version | Tinstall | Tcheck | Ttotal | Status | Flags | 
|---|---|---|---|---|---|---|
| r-devel-linux-x86_64-debian-clang | 0.1.2 | 4.14 | 53.05 | 57.19 | NOTE | |
| r-devel-linux-x86_64-debian-gcc | 0.1.2 | 2.89 | 35.95 | 38.84 | NOTE | |
| r-devel-linux-x86_64-fedora-clang | 0.1.2 | 86.97 | OK | |||
| r-devel-linux-x86_64-fedora-gcc | 0.1.2 | 85.65 | OK | |||
| r-devel-windows-x86_64 | 0.1.2 | 6.00 | 74.00 | 80.00 | OK | |
| r-patched-linux-x86_64 | 0.1.2 | 4.26 | 50.97 | 55.23 | OK | |
| r-release-linux-x86_64 | 0.1.2 | 4.08 | 51.96 | 56.04 | OK | |
| r-release-macos-arm64 | 0.1.2 | 2.00 | 28.00 | 30.00 | OK | |
| r-release-macos-x86_64 | 0.1.2 | 4.00 | 50.00 | 54.00 | OK | |
| r-release-windows-x86_64 | 0.1.2 | 6.00 | 70.00 | 76.00 | OK | |
| r-oldrel-macos-arm64 | 0.1.2 | 2.00 | 25.00 | 27.00 | OK | |
| r-oldrel-macos-x86_64 | 0.1.2 | 3.00 | 39.00 | 42.00 | OK | |
| r-oldrel-windows-x86_64 | 0.1.2 | 8.00 | 86.00 | 94.00 | OK | 
Version: 0.1.2
Check: CRAN incoming feasibility
Result: NOTE
  Maintainer: ‘Sizhong Yang <yanglzu@163.com>’
  
  No Authors@R field in DESCRIPTION.
  Please add one, modifying
    Authors@R: person(given = "Sizhong",
                      family = "Yang",
                      role = c("aut", "cre"),
                      email = "yanglzu@163.com")
  as necessary.
Flavors: r-devel-linux-x86_64-debian-clang, r-devel-linux-x86_64-debian-gcc