Last updated on 2025-11-03 12:49:58 CET.
| Flavor | Version | Tinstall | Tcheck | Ttotal | Status | Flags | 
|---|---|---|---|---|---|---|
| r-devel-linux-x86_64-debian-clang | 0.10.5 | 5.03 | 30.93 | 35.96 | NOTE | |
| r-devel-linux-x86_64-debian-gcc | 0.10.5 | 3.81 | 24.07 | 27.88 | NOTE | |
| r-devel-linux-x86_64-fedora-clang | 0.10.5 | 50.95 | OK | |||
| r-devel-linux-x86_64-fedora-gcc | 0.10.5 | 49.35 | OK | |||
| r-devel-windows-x86_64 | 0.10.5 | 5.00 | 49.00 | 54.00 | OK | |
| r-patched-linux-x86_64 | 0.10.5 | 4.81 | 28.04 | 32.85 | OK | |
| r-release-linux-x86_64 | 0.10.5 | 4.90 | 27.87 | 32.77 | OK | |
| r-release-macos-arm64 | 0.10.5 | 2.00 | 17.00 | 19.00 | OK | |
| r-release-macos-x86_64 | 0.10.5 | 3.00 | 27.00 | 30.00 | OK | |
| r-release-windows-x86_64 | 0.10.5 | 7.00 | 49.00 | 56.00 | OK | |
| r-oldrel-macos-arm64 | 0.10.5 | 2.00 | 16.00 | 18.00 | OK | |
| r-oldrel-macos-x86_64 | 0.10.5 | 3.00 | 21.00 | 24.00 | OK | |
| r-oldrel-windows-x86_64 | 0.10.5 | 6.00 | 56.00 | 62.00 | OK | 
Version: 0.10.5
Check: CRAN incoming feasibility
Result: NOTE
  Maintainer: ‘Duncan Murdoch <murdoch.duncan@gmail.com>’
  
  No Authors@R field in DESCRIPTION.
  Please add one, modifying
    Authors@R: person(given = "Duncan",
                      family = "Murdoch",
                      role = c("aut", "cre"),
                      email = "murdoch.duncan@gmail.com")
  as necessary.
  
  Package CITATION file contains call(s) to old-style citEntry().  Please
  use bibentry() instead.
Flavors: r-devel-linux-x86_64-debian-clang, r-devel-linux-x86_64-debian-gcc