Last updated on 2025-07-04 00:50:11 CEST.
Flavor | Version | Tinstall | Tcheck | Ttotal | Status | Flags |
---|---|---|---|---|---|---|
r-devel-linux-x86_64-debian-clang | 1.0.11 | 7.21 | 602.07 | 609.28 | NOTE | |
r-devel-linux-x86_64-debian-gcc | 1.0.11 | 5.65 | 441.86 | 447.51 | NOTE | |
r-devel-linux-x86_64-fedora-clang | 1.0.11 | 979.73 | OK | |||
r-devel-linux-x86_64-fedora-gcc | 1.0.11 | 901.10 | OK | |||
r-devel-windows-x86_64 | 1.0.11 | 8.00 | 393.00 | 401.00 | OK | |
r-patched-linux-x86_64 | 1.0.11 | 7.04 | 603.99 | 611.03 | OK | |
r-release-linux-x86_64 | 1.0.11 | 6.38 | 607.82 | 614.20 | OK | |
r-release-macos-arm64 | 1.0.11 | 220.00 | OK | |||
r-release-macos-x86_64 | 1.0.11 | 417.00 | OK | |||
r-release-windows-x86_64 | 1.0.11 | 9.00 | 393.00 | 402.00 | OK | |
r-oldrel-macos-arm64 | 1.0.11 | 195.00 | OK | |||
r-oldrel-macos-x86_64 | 1.0.11 | 290.00 | OK | |||
r-oldrel-windows-x86_64 | 1.0.11 | 10.00 | 536.00 | 546.00 | OK |
Version: 1.0.11
Check: CRAN incoming feasibility
Result: NOTE
Maintainer: ‘Stijn Hawinkel <stijn.hawinkel@psb.ugent.be>’
The BugReports field in DESCRIPTION has
https://github.com/sthawinke/oosse
which should likely be
https://github.com/sthawinke/oosse/issues
instead.
Flavors: r-devel-linux-x86_64-debian-clang, r-devel-linux-x86_64-debian-gcc