Last updated on 2025-11-03 12:49:58 CET.
| Flavor | Version | Tinstall | Tcheck | Ttotal | Status | Flags | 
|---|---|---|---|---|---|---|
| r-devel-linux-x86_64-debian-clang | 0.8-5 | 3.96 | 36.81 | 40.77 | NOTE | |
| r-devel-linux-x86_64-debian-gcc | 0.8-5 | 2.65 | 27.36 | 30.01 | NOTE | |
| r-devel-linux-x86_64-fedora-clang | 0.8-5 | 59.40 | OK | |||
| r-devel-linux-x86_64-fedora-gcc | 0.8-5 | 57.61 | OK | |||
| r-devel-windows-x86_64 | 0.8-5 | 6.00 | 60.00 | 66.00 | OK | |
| r-patched-linux-x86_64 | 0.8-5 | 4.23 | 34.10 | 38.33 | OK | |
| r-release-linux-x86_64 | 0.8-5 | 3.17 | 34.63 | 37.80 | OK | |
| r-release-macos-arm64 | 0.8-5 | 2.00 | 21.00 | 23.00 | OK | |
| r-release-macos-x86_64 | 0.8-5 | 3.00 | 35.00 | 38.00 | OK | |
| r-release-windows-x86_64 | 0.8-5 | 5.00 | 60.00 | 65.00 | OK | |
| r-oldrel-macos-arm64 | 0.8-5 | 2.00 | 32.00 | 34.00 | OK | |
| r-oldrel-macos-x86_64 | 0.8-5 | 3.00 | 27.00 | 30.00 | OK | |
| r-oldrel-windows-x86_64 | 0.8-5 | 8.00 | 71.00 | 79.00 | OK | 
Version: 0.8-5
Check: CRAN incoming feasibility
Result: NOTE
  Maintainer: ‘Hans W. Borchers <hwborchers@googlemail.com>’
  
  No Authors@R field in DESCRIPTION.
  Please add one, modifying
    Authors@R: c(person(given = c("Hans", "Werner"),
                        family = "Borchers",
                        role = "aut"),
                 person(given = c("Hans", "W."),
                        family = "Borchers",
                        role = "cre",
                        email = "hwborchers@googlemail.com"))
  as necessary.
Flavors: r-devel-linux-x86_64-debian-clang, r-devel-linux-x86_64-debian-gcc