CRAN Package Check Results for Package numbers

Last updated on 2025-07-03 13:48:41 CEST.

Flavor Version Tinstall Tcheck Ttotal Status Flags
r-devel-linux-x86_64-debian-clang 0.8-5 3.88 34.69 38.57 NOTE
r-devel-linux-x86_64-debian-gcc 0.8-5 2.74 26.92 29.66 NOTE
r-devel-linux-x86_64-fedora-clang 0.8-5 63.29 OK
r-devel-linux-x86_64-fedora-gcc 0.8-5 57.99 OK
r-devel-windows-x86_64 0.8-5 4.00 62.00 66.00 OK
r-patched-linux-x86_64 0.8-5 4.56 32.55 37.11 OK
r-release-linux-x86_64 0.8-5 3.54 32.16 35.70 OK
r-release-macos-arm64 0.8-5 23.00 OK
r-release-macos-x86_64 0.8-5 38.00 OK
r-release-windows-x86_64 0.8-5 7.00 63.00 70.00 OK
r-oldrel-macos-arm64 0.8-5 34.00 OK
r-oldrel-macos-x86_64 0.8-5 30.00 OK
r-oldrel-windows-x86_64 0.8-5 6.00 66.00 72.00 OK

Check Details

Version: 0.8-5
Check: CRAN incoming feasibility
Result: NOTE Maintainer: ‘Hans W. Borchers <hwborchers@googlemail.com>’ No Authors@R field in DESCRIPTION. Please add one, modifying Authors@R: c(person(given = c("Hans", "Werner"), family = "Borchers", role = "aut"), person(given = c("Hans", "W."), family = "Borchers", role = "cre", email = "hwborchers@googlemail.com")) as necessary. Flavors: r-devel-linux-x86_64-debian-clang, r-devel-linux-x86_64-debian-gcc