Last updated on 2025-07-04 00:50:11 CEST.
Flavor | Version | Tinstall | Tcheck | Ttotal | Status | Flags |
---|---|---|---|---|---|---|
r-devel-linux-x86_64-debian-clang | 1.4.2 | 39.76 | 157.64 | 197.40 | OK | |
r-devel-linux-x86_64-debian-gcc | 1.4.2 | 26.83 | 105.08 | 131.91 | OK | |
r-devel-linux-x86_64-fedora-clang | 1.4.2 | 301.98 | NOTE | |||
r-devel-linux-x86_64-fedora-gcc | 1.4.2 | 307.12 | NOTE | |||
r-devel-windows-x86_64 | 1.4.2 | 45.00 | 181.00 | 226.00 | OK | |
r-patched-linux-x86_64 | 1.4.2 | 36.26 | 144.17 | 180.43 | OK | |
r-release-linux-x86_64 | 1.4.2 | 36.72 | 145.85 | 182.57 | OK | |
r-release-macos-arm64 | 1.4.2 | 84.00 | OK | |||
r-release-macos-x86_64 | 1.4.2 | 267.00 | OK | |||
r-release-windows-x86_64 | 1.4.2 | 45.00 | 176.00 | 221.00 | OK | |
r-oldrel-macos-arm64 | 1.4.2 | 73.00 | NOTE | |||
r-oldrel-macos-x86_64 | 1.4.2 | 247.00 | NOTE | |||
r-oldrel-windows-x86_64 | 1.4.2 | 60.00 | 221.00 | 281.00 | NOTE |
Version: 1.4.2
Check: dependencies in R code
Result: NOTE
Namespaces in Imports field not imported from:
‘R.utils’ ‘optparse’ ‘vcfR’
All declared Imports should be used.
Flavors: r-devel-linux-x86_64-fedora-clang, r-devel-linux-x86_64-fedora-gcc
Version: 1.4.2
Check: installed package size
Result: NOTE
installed size is 5.5Mb
sub-directories of 1Mb or more:
data 4.2Mb
Flavors: r-oldrel-macos-arm64, r-oldrel-macos-x86_64, r-oldrel-windows-x86_64
Version: 1.4.2
Check: for GNU extensions in Makefiles
Result: NOTE
GNU make is a SystemRequirements.
Flavors: r-oldrel-macos-arm64, r-oldrel-macos-x86_64, r-oldrel-windows-x86_64