CRAN Package Check Results for Package noah

Last updated on 2025-07-04 00:50:10 CEST.

Flavor Version Tinstall Tcheck Ttotal Status Flags
r-devel-linux-x86_64-debian-clang 0.1.0 3.31 43.78 47.09 OK
r-devel-linux-x86_64-debian-gcc 0.1.0 2.52 35.22 37.74 OK
r-devel-linux-x86_64-fedora-clang 0.1.0 70.85 NOTE
r-devel-linux-x86_64-fedora-gcc 0.1.0 67.80 NOTE
r-devel-windows-x86_64 0.1.0 4.00 68.00 72.00 OK
r-patched-linux-x86_64 0.1.0 2.94 39.04 41.98 OK
r-release-linux-x86_64 0.1.0 3.43 39.39 42.82 OK
r-release-macos-arm64 0.1.0 28.00 OK
r-release-macos-x86_64 0.1.0 44.00 OK
r-release-windows-x86_64 0.1.0 6.00 68.00 74.00 OK
r-oldrel-macos-arm64 0.1.0 28.00 NOTE
r-oldrel-macos-x86_64 0.1.0 37.00 NOTE
r-oldrel-windows-x86_64 0.1.0 6.00 77.00 83.00 NOTE

Check Details

Version: 0.1.0
Check: dependencies in R code
Result: NOTE Namespaces in Imports field not imported from: ‘R6’ ‘crayon’ ‘digest’ ‘hash’ All declared Imports should be used. Flavors: r-devel-linux-x86_64-fedora-clang, r-devel-linux-x86_64-fedora-gcc

Version: 0.1.0
Check: LazyData
Result: NOTE 'LazyData' is specified without a 'data' directory Flavors: r-oldrel-macos-arm64, r-oldrel-macos-x86_64, r-oldrel-windows-x86_64