Last updated on 2025-11-03 12:49:58 CET.
| Flavor | Version | Tinstall | Tcheck | Ttotal | Status | Flags | 
|---|---|---|---|---|---|---|
| r-devel-linux-x86_64-debian-clang | 0.2.9 | 101.53 | 57.37 | 158.90 | OK | |
| r-devel-linux-x86_64-debian-gcc | 0.2.9 | 78.22 | 41.80 | 120.02 | OK | |
| r-devel-linux-x86_64-fedora-clang | 0.2.9 | 170.00 | 119.15 | 289.15 | OK | |
| r-devel-linux-x86_64-fedora-gcc | 0.2.9 | 217.00 | 105.34 | 322.34 | OK | |
| r-devel-windows-x86_64 | 0.2.9 | 122.00 | 121.00 | 243.00 | OK | |
| r-patched-linux-x86_64 | 0.2.9 | 113.35 | 54.05 | 167.40 | OK | |
| r-release-linux-x86_64 | 0.2.9 | 112.64 | 54.33 | 166.97 | OK | |
| r-release-macos-arm64 | 0.2.9 | 46.00 | 43.00 | 89.00 | OK | |
| r-release-macos-x86_64 | 0.2.9 | 45.00 | 89.00 | 134.00 | OK | |
| r-release-windows-x86_64 | 0.2.9 | 126.00 | 117.00 | 243.00 | OK | |
| r-oldrel-macos-arm64 | 0.2.9 | 41.00 | 48.00 | 89.00 | NOTE | |
| r-oldrel-macos-x86_64 | 0.2.9 | 32.00 | 59.00 | 91.00 | NOTE | |
| r-oldrel-windows-x86_64 | 0.2.9 | 106.00 | 139.00 | 245.00 | OK | 
Version: 0.2.9
Check: installed package size
Result: NOTE
    installed size is 11.0Mb
    sub-directories of 1Mb or more:
      libs  10.4Mb
Flavors: r-oldrel-macos-arm64, r-oldrel-macos-x86_64