Last updated on 2024-06-14 00:53:51 CEST.
Flavor | Version | Tinstall | Tcheck | Ttotal | Status | Flags |
---|---|---|---|---|---|---|
r-devel-linux-x86_64-debian-clang | 2.0.0 | 6.85 | 76.69 | 83.54 | OK | |
r-devel-linux-x86_64-debian-gcc | 2.0.0 | 0.38 | 1.87 | 2.25 | ERROR | |
r-devel-linux-x86_64-fedora-clang | 2.0.0 | 109.47 | OK | |||
r-devel-linux-x86_64-fedora-gcc | 2.0.0 | 113.35 | OK | |||
r-devel-windows-x86_64 | 2.0.0 | 7.00 | 76.00 | 83.00 | OK | |
r-patched-linux-x86_64 | 2.0.0 | 7.57 | 72.49 | 80.06 | OK | |
r-release-linux-x86_64 | 2.0.0 | 4.37 | 74.10 | 78.47 | OK | |
r-release-macos-arm64 | 2.0.0 | 44.00 | OK | |||
r-release-macos-x86_64 | 2.0.0 | 61.00 | OK | |||
r-release-windows-x86_64 | 2.0.0 | 8.00 | 80.00 | 88.00 | OK | |
r-oldrel-macos-arm64 | 2.0.0 | 40.00 | OK | |||
r-oldrel-macos-x86_64 | 2.0.0 | 72.00 | OK | |||
r-oldrel-windows-x86_64 | 2.0.0 | 9.00 | 88.00 | 97.00 | OK |
Version: 2.0.0
Check: package dependencies
Result: ERROR
Packages required but not available:
'dplyr', 'furrr', 'tidyr', 'igraph', 'ggplot2'
Packages suggested but not available for checking:
'future.batchtools', 'logistf', 'mice'
See section ‘The DESCRIPTION file’ in the ‘Writing R Extensions’
manual.
Flavor: r-devel-linux-x86_64-debian-gcc