Last updated on 2025-11-03 12:49:58 CET.
| Flavor | Version | Tinstall | Tcheck | Ttotal | Status | Flags | 
|---|---|---|---|---|---|---|
| r-devel-linux-x86_64-debian-clang | 0.3-0 | 15.10 | 244.69 | 259.79 | NOTE | |
| r-devel-linux-x86_64-debian-gcc | 0.3-0 | 10.10 | 154.11 | 164.21 | NOTE | |
| r-devel-linux-x86_64-fedora-clang | 0.3-0 | 32.00 | 373.64 | 405.64 | OK | |
| r-devel-linux-x86_64-fedora-gcc | 0.3-0 | 31.00 | 354.51 | 385.51 | OK | |
| r-devel-windows-x86_64 | 0.3-0 | 15.00 | 219.00 | 234.00 | NOTE | |
| r-patched-linux-x86_64 | 0.3-0 | 13.12 | 230.34 | 243.46 | NOTE | |
| r-release-linux-x86_64 | 0.3-0 | 14.71 | 232.33 | 247.04 | NOTE | |
| r-release-macos-arm64 | 0.3-0 | 6.00 | 83.00 | 89.00 | OK | |
| r-release-macos-x86_64 | 0.3-0 | 11.00 | 208.00 | 219.00 | OK | |
| r-release-windows-x86_64 | 0.3-0 | 15.00 | 220.00 | 235.00 | NOTE | |
| r-oldrel-macos-arm64 | 0.3-0 | 5.00 | 80.00 | 85.00 | OK | |
| r-oldrel-macos-x86_64 | 0.3-0 | 8.00 | 132.00 | 140.00 | OK | |
| r-oldrel-windows-x86_64 | 0.3-0 | 20.00 | 311.00 | 331.00 | OK | 
Version: 0.3-0
Check: Rd cross-references
Result: NOTE
  Found the following Rd file(s) with Rd \link{} targets missing package
  anchors:
    nmarank.Rd: netmeta
  Please provide package anchors for all Rd \link{} targets not in the
  package itself and the base packages.
Flavors: r-devel-linux-x86_64-debian-clang, r-devel-linux-x86_64-debian-gcc, r-devel-windows-x86_64, r-patched-linux-x86_64, r-release-linux-x86_64, r-release-windows-x86_64