Last updated on 2025-11-03 12:49:58 CET.
| Flavor | Version | Tinstall | Tcheck | Ttotal | Status | Flags | 
|---|---|---|---|---|---|---|
| r-devel-linux-x86_64-debian-clang | 0.2.0 | 3.30 | 38.06 | 41.36 | NOTE | |
| r-devel-linux-x86_64-debian-gcc | 0.2.0 | 2.28 | 29.46 | 31.74 | NOTE | |
| r-devel-linux-x86_64-fedora-clang | 0.2.0 | 61.59 | OK | |||
| r-devel-linux-x86_64-fedora-gcc | 0.2.0 | 60.06 | OK | |||
| r-devel-windows-x86_64 | 0.2.0 | 4.00 | 60.00 | 64.00 | OK | |
| r-patched-linux-x86_64 | 0.2.0 | 3.54 | 36.72 | 40.26 | OK | |
| r-release-linux-x86_64 | 0.2.0 | 3.17 | 36.78 | 39.95 | OK | |
| r-release-macos-arm64 | 0.2.0 | 2.00 | 22.00 | 24.00 | OK | |
| r-release-macos-x86_64 | 0.2.0 | 3.00 | 38.00 | 41.00 | OK | |
| r-release-windows-x86_64 | 0.2.0 | 4.00 | 60.00 | 64.00 | OK | |
| r-oldrel-macos-arm64 | 0.2.0 | 1.00 | 20.00 | 21.00 | OK | |
| r-oldrel-macos-x86_64 | 0.2.0 | 2.00 | 30.00 | 32.00 | OK | |
| r-oldrel-windows-x86_64 | 0.2.0 | 6.00 | 70.00 | 76.00 | OK | 
Version: 0.2.0
Check: CRAN incoming feasibility
Result: NOTE
  Maintainer: ‘Rafael Benitez <rabesua@uv.es>’
  
  No Authors@R field in DESCRIPTION.
  Please add one, modifying
    Authors@R: c(person(given = "Mariano",
                        family = "Rodriguez-Arias",
                        role = "aut",
                        email = "arias@unex.es"),
                 person(given = c("Juan", "Antonio"),
                        family = "Fernandez",
                        role = "aut",
                        email = "jfernandck@alumnos.unex.es"),
                 person(given = "Javier",
                        family = "Cabello",
                        role = "aut",
                        email = "coco@unex.es"),
                 person(given = "Rafael",
                        family = "Benitez",
                        role = c("aut", "cre"),
                        email = "rabesua@uv.es"))
  as necessary.
Flavors: r-devel-linux-x86_64-debian-clang, r-devel-linux-x86_64-debian-gcc