Last updated on 2025-11-03 12:49:58 CET.
| Flavor | Version | Tinstall | Tcheck | Ttotal | Status | Flags | 
|---|---|---|---|---|---|---|
| r-devel-linux-x86_64-debian-clang | 1.3.0 | 444.40 | 271.69 | 716.09 | OK | |
| r-devel-linux-x86_64-debian-gcc | 1.3.0 | 268.19 | 192.06 | 460.25 | OK | |
| r-devel-linux-x86_64-fedora-clang | 1.3.0 | 1020.00 | 261.15 | 1281.15 | OK | |
| r-devel-linux-x86_64-fedora-gcc | 1.3.0 | 960.00 | 198.85 | 1158.85 | OK | |
| r-devel-windows-x86_64 | 1.3.0 | 506.00 | 278.00 | 784.00 | OK | |
| r-patched-linux-x86_64 | 1.3.0 | 435.38 | 275.16 | 710.54 | OK | |
| r-release-linux-x86_64 | 1.3.0 | 425.00 | 274.24 | 699.24 | OK | |
| r-release-macos-arm64 | 1.3.0 | 171.00 | 85.00 | 256.00 | OK | |
| r-release-macos-x86_64 | 1.3.0 | 394.00 | 214.00 | 608.00 | OK | |
| r-release-windows-x86_64 | 1.3.0 | 513.00 | 273.00 | 786.00 | OK | |
| r-oldrel-macos-arm64 | 1.3.0 | 151.00 | 86.00 | 237.00 | NOTE | |
| r-oldrel-macos-x86_64 | 1.3.0 | 371.00 | 222.00 | 593.00 | NOTE | |
| r-oldrel-windows-x86_64 | 1.3.0 | 623.00 | 343.00 | 966.00 | NOTE | 
Version: 1.3.0
Check: installed package size
Result: NOTE
    installed size is 44.3Mb
    sub-directories of 1Mb or more:
      CppCode        3.5Mb
      R              9.1Mb
      classic-bugs   1.5Mb
      include       11.5Mb
      libs          17.9Mb
Flavors: r-oldrel-macos-arm64, r-oldrel-macos-x86_64, r-oldrel-windows-x86_64