Last updated on 2024-07-18 01:55:37 CEST.
Flavor | Version | Tinstall | Tcheck | Ttotal | Status | Flags |
---|---|---|---|---|---|---|
r-devel-linux-x86_64-debian-clang | 1.14.3 | 12.97 | 157.62 | 170.59 | OK | |
r-devel-linux-x86_64-debian-gcc | 1.14.3 | 9.93 | 119.58 | 129.51 | OK | |
r-devel-linux-x86_64-fedora-clang | 1.14.3 | 209.48 | OK | |||
r-devel-linux-x86_64-fedora-gcc | 1.14.3 | 198.84 | OK | |||
r-devel-windows-x86_64 | 1.14.3 | 11.00 | 135.00 | 146.00 | NOTE | |
r-patched-linux-x86_64 | 1.14.3 | 12.32 | 149.77 | 162.09 | OK | |
r-release-linux-x86_64 | 1.14.3 | 13.93 | 150.86 | 164.79 | OK | |
r-release-macos-arm64 | 1.14.3 | 60.00 | OK | |||
r-release-macos-x86_64 | 1.14.3 | 124.00 | OK | |||
r-release-windows-x86_64 | 1.14.3 | 11.00 | 135.00 | 146.00 | OK | |
r-oldrel-macos-arm64 | 1.14.3 | 60.00 | OK | |||
r-oldrel-macos-x86_64 | 1.14.3 | 166.00 | OK | |||
r-oldrel-windows-x86_64 | 1.14.3 | 15.00 | 166.00 | 181.00 | OK |
Version: 1.14.3
Check: Rd cross-references
Result: NOTE
Found the following Rd file(s) with Rd \link{} targets missing package
anchors:
plot.select.Rd: select
Please provide package anchors for all Rd \link{} targets not in the
package itself and the base packages.
Flavor: r-devel-windows-x86_64