Last updated on 2024-07-18 01:55:37 CEST.
Flavor | Version | Tinstall | Tcheck | Ttotal | Status | Flags |
---|---|---|---|---|---|---|
r-devel-linux-x86_64-debian-clang | 1.5.5 | 14.87 | 74.33 | 89.20 | OK | |
r-devel-linux-x86_64-debian-gcc | 1.5.5 | 11.18 | 54.39 | 65.57 | OK | |
r-devel-linux-x86_64-fedora-clang | 1.5.5 | 110.44 | OK | |||
r-devel-linux-x86_64-fedora-gcc | 1.5.5 | 103.43 | OK | |||
r-devel-windows-x86_64 | 1.5.5 | 14.00 | 75.00 | 89.00 | NOTE | |
r-patched-linux-x86_64 | 1.5.5 | 21.50 | 69.22 | 90.72 | OK | |
r-release-linux-x86_64 | 1.5.5 | 7.75 | 68.62 | 76.37 | OK | |
r-release-macos-arm64 | 1.5.5 | 35.00 | OK | |||
r-release-macos-x86_64 | 1.5.5 | 49.00 | OK | |||
r-release-windows-x86_64 | 1.5.5 | 16.00 | 74.00 | 90.00 | OK | |
r-oldrel-macos-arm64 | 1.5.5 | 40.00 | OK | |||
r-oldrel-macos-x86_64 | 1.5.5 | 93.00 | OK | |||
r-oldrel-windows-x86_64 | 1.5.5 | 19.00 | 85.00 | 104.00 | OK |
Version: 1.5.5
Check: Rd cross-references
Result: NOTE
Found the following Rd file(s) with Rd \link{} targets missing package
anchors:
fill.missing.Rd: transcan
gendistance.Rd: ginv
qom.Rd: hdquantile
Please provide package anchors for all Rd \link{} targets not in the
package itself and the base packages.
Flavor: r-devel-windows-x86_64