Last updated on 2025-11-03 12:49:57 CET.
| Flavor | Version | Tinstall | Tcheck | Ttotal | Status | Flags | 
|---|---|---|---|---|---|---|
| r-devel-linux-x86_64-debian-clang | 0.1.5 | 581.85 | 41.30 | 623.15 | OK | |
| r-devel-linux-x86_64-debian-gcc | 0.1.5 | 378.83 | 33.17 | 412.00 | OK | |
| r-devel-linux-x86_64-fedora-clang | 0.1.5 | 1020.00 | 252.63 | 1272.63 | OK | |
| r-devel-linux-x86_64-fedora-gcc | 0.1.5 | 900.00 | 221.07 | 1121.07 | OK | |
| r-devel-windows-x86_64 | 0.1.5 | 580.00 | 89.00 | 669.00 | OK | |
| r-patched-linux-x86_64 | 0.1.5 | 581.57 | 40.38 | 621.95 | OK | |
| r-release-linux-x86_64 | 0.1.5 | 573.00 | 40.69 | 613.69 | OK | |
| r-release-macos-arm64 | 0.1.5 | 211.00 | 26.00 | 237.00 | OK | |
| r-release-macos-x86_64 | 0.1.5 | 191.00 | 41.00 | 232.00 | OK | |
| r-release-windows-x86_64 | 0.1.5 | 578.00 | 88.00 | 666.00 | OK | |
| r-oldrel-macos-arm64 | 0.1.5 | 211.00 | 46.00 | 257.00 | NOTE | |
| r-oldrel-macos-x86_64 | 0.1.5 | 118.00 | 43.00 | 161.00 | NOTE | |
| r-oldrel-windows-x86_64 | 0.1.5 | 579.00 | 108.00 | 687.00 | NOTE | 
Version: 0.1.5
Check: installed package size
Result: NOTE
    installed size is 26.5Mb
    sub-directories of 1Mb or more:
      data     1.9Mb
      libs    23.3Mb
      models   1.1Mb
Flavors: r-oldrel-macos-arm64, r-oldrel-macos-x86_64, r-oldrel-windows-x86_64