Last updated on 2025-07-03 13:48:40 CEST.
Flavor | Version | Tinstall | Tcheck | Ttotal | Status | Flags |
---|---|---|---|---|---|---|
r-devel-linux-x86_64-debian-clang | 0.5.0 | 46.46 | 31.03 | 77.49 | NOTE | |
r-devel-linux-x86_64-debian-gcc | 0.5.0 | 35.79 | 25.74 | 61.53 | NOTE | |
r-devel-linux-x86_64-fedora-clang | 0.5.0 | 132.42 | OK | |||
r-devel-linux-x86_64-fedora-gcc | 0.5.0 | 144.16 | OK | |||
r-devel-windows-x86_64 | 0.5.0 | 52.00 | 76.00 | 128.00 | OK | |
r-patched-linux-x86_64 | 0.5.0 | 51.44 | 30.09 | 81.53 | OK | |
r-release-linux-x86_64 | 0.5.0 | 49.98 | 29.55 | 79.53 | OK | |
r-release-macos-arm64 | 0.5.0 | 41.00 | OK | |||
r-release-macos-x86_64 | 0.5.0 | 51.00 | OK | |||
r-release-windows-x86_64 | 0.5.0 | 56.00 | 75.00 | 131.00 | OK | |
r-oldrel-macos-arm64 | 0.5.0 | 49.00 | NOTE | |||
r-oldrel-macos-x86_64 | 0.5.0 | 51.00 | NOTE | |||
r-oldrel-windows-x86_64 | 0.5.0 | 66.00 | 90.00 | 156.00 | OK |
Version: 0.5.0
Check: CRAN incoming feasibility
Result: NOTE
Maintainer: ‘Gregory Jefferis <jefferis@gmail.com>’
No Authors@R field in DESCRIPTION.
Please add one, modifying
Authors@R: c(person(given = "Stephane",
family = "Mangenat",
role = "aut",
comment = "for 'libnabo'"),
person(given = "Gregory",
family = "Jefferis",
role = c("aut", "cre"),
email = "jefferis@gmail.com"))
as necessary.
Flavors: r-devel-linux-x86_64-debian-clang, r-devel-linux-x86_64-debian-gcc
Version: 0.5.0
Check: installed package size
Result: NOTE
installed size is 9.0Mb
sub-directories of 1Mb or more:
libs 8.9Mb
Flavors: r-oldrel-macos-arm64, r-oldrel-macos-x86_64