Last updated on 2024-06-14 13:56:26 CEST.
Flavor | Version | Tinstall | Tcheck | Ttotal | Status | Flags |
---|---|---|---|---|---|---|
r-devel-linux-x86_64-debian-clang | 2.0.2 | 6.09 | 105.18 | 111.27 | OK | |
r-devel-linux-x86_64-debian-gcc | 2.0.2 | 4.73 | 160.54 | 165.27 | OK | |
r-devel-linux-x86_64-fedora-clang | 2.0.2 | 191.63 | NOTE | |||
r-devel-linux-x86_64-fedora-gcc | 2.0.2 | 165.11 | NOTE | |||
r-devel-windows-x86_64 | 2.0.2 | 6.00 | 109.00 | 115.00 | OK | |
r-patched-linux-x86_64 | 2.0.2 | 8.38 | 191.34 | 199.72 | OK | |
r-release-linux-x86_64 | 2.0.2 | 5.43 | 190.28 | 195.71 | OK | |
r-release-macos-arm64 | 2.0.2 | 40.00 | OK | |||
r-release-macos-x86_64 | 2.0.2 | 66.00 | OK | |||
r-release-windows-x86_64 | 2.0.2 | 5.00 | 113.00 | 118.00 | OK | |
r-oldrel-macos-arm64 | 2.0.2 | 43.00 | OK | |||
r-oldrel-macos-x86_64 | 2.0.2 | 75.00 | OK | |||
r-oldrel-windows-x86_64 | 2.0.2 | 6.00 | 124.00 | 130.00 | OK |
Version: 2.0.2
Check: data for non-ASCII characters
Result: NOTE
Note: found 50 marked UTF-8 strings
Flavors: r-devel-linux-x86_64-fedora-clang, r-devel-linux-x86_64-fedora-gcc