Last updated on 2025-11-03 12:49:57 CET.
| Flavor | Version | Tinstall | Tcheck | Ttotal | Status | Flags | 
|---|---|---|---|---|---|---|
| r-devel-linux-x86_64-debian-clang | 0.1.5 | 32.76 | 71.92 | 104.68 | NOTE | |
| r-devel-linux-x86_64-debian-gcc | 0.1.5 | 23.54 | 55.09 | 78.63 | NOTE | |
| r-devel-linux-x86_64-fedora-clang | 0.1.5 | 52.00 | 117.47 | 169.47 | OK | |
| r-devel-linux-x86_64-fedora-gcc | 0.1.5 | 49.00 | 127.14 | 176.14 | OK | |
| r-devel-windows-x86_64 | 0.1.5 | 35.00 | 100.00 | 135.00 | OK | |
| r-patched-linux-x86_64 | 0.1.5 | 32.50 | 68.53 | 101.03 | OK | |
| r-release-linux-x86_64 | 0.1.5 | 31.60 | 68.23 | 99.83 | OK | |
| r-release-macos-arm64 | 0.1.5 | 15.00 | 46.00 | 61.00 | OK | |
| r-release-macos-x86_64 | 0.1.5 | 26.00 | 71.00 | 97.00 | OK | |
| r-release-windows-x86_64 | 0.1.5 | 35.00 | 97.00 | 132.00 | OK | |
| r-oldrel-macos-arm64 | 0.1.5 | 14.00 | 35.00 | 49.00 | OK | |
| r-oldrel-macos-x86_64 | 0.1.5 | 17.00 | 58.00 | 75.00 | OK | |
| r-oldrel-windows-x86_64 | 0.1.5 | 42.00 | 127.00 | 169.00 | OK | 
Version: 0.1.5
Check: CRAN incoming feasibility
Result: NOTE
  Maintainer: ‘Tommy Jones <jones.thos.w@gmail.com>’
  
  The Description field contains
    Jones (2019) <arXiv:1911.11061>.
  Please refer to arXiv e-prints via their arXiv DOI <doi:10.48550/arXiv.YYMM.NNNNN>.
Flavors: r-devel-linux-x86_64-debian-clang, r-devel-linux-x86_64-debian-gcc