Last updated on 2025-11-03 12:49:57 CET.
| Flavor | Version | Tinstall | Tcheck | Ttotal | Status | Flags | 
|---|---|---|---|---|---|---|
| r-devel-linux-x86_64-debian-clang | 1.2 | 10.11 | 79.90 | 90.01 | NOTE | |
| r-devel-linux-x86_64-debian-gcc | 1.2 | 7.12 | 58.59 | 65.71 | NOTE | |
| r-devel-linux-x86_64-fedora-clang | 1.2 | 20.00 | 116.05 | 136.05 | OK | |
| r-devel-linux-x86_64-fedora-gcc | 1.2 | 22.00 | 109.10 | 131.10 | OK | |
| r-devel-windows-x86_64 | 1.2 | 10.00 | 87.00 | 97.00 | OK | |
| r-patched-linux-x86_64 | 1.2 | 8.66 | 76.18 | 84.84 | OK | |
| r-release-linux-x86_64 | 1.2 | 9.69 | 76.88 | 86.57 | OK | |
| r-release-macos-arm64 | 1.2 | 5.00 | 38.00 | 43.00 | OK | |
| r-release-macos-x86_64 | 1.2 | 10.00 | 88.00 | 98.00 | OK | |
| r-release-windows-x86_64 | 1.2 | 10.00 | 85.00 | 95.00 | OK | |
| r-oldrel-macos-arm64 | 1.2 | 4.00 | 34.00 | 38.00 | OK | |
| r-oldrel-macos-x86_64 | 1.2 | 7.00 | 53.00 | 60.00 | OK | |
| r-oldrel-windows-x86_64 | 1.2 | 14.00 | 108.00 | 122.00 | OK | 
Version: 1.2
Check: CRAN incoming feasibility
Result: NOTE
  Maintainer: ‘Denis Larocque <denis.larocque@hec.ca>’
  
  No Authors@R field in DESCRIPTION.
  Please add one, modifying
    Authors@R: person(given = "Denis",
                      family = "Larocque",
                      role = c("aut", "cre"),
                      email = "denis.larocque@hec.ca")
  as necessary.
Flavors: r-devel-linux-x86_64-debian-clang, r-devel-linux-x86_64-debian-gcc