Last updated on 2024-07-18 01:55:37 CEST.
Flavor | Version | Tinstall | Tcheck | Ttotal | Status | Flags |
---|---|---|---|---|---|---|
r-devel-linux-x86_64-debian-clang | 4.2.1 | 104.11 | 194.97 | 299.08 | NOTE | |
r-devel-linux-x86_64-debian-gcc | 4.2.1 | 67.13 | 138.57 | 205.70 | NOTE | |
r-devel-linux-x86_64-fedora-clang | 4.2.1 | 405.65 | NOTE | |||
r-devel-linux-x86_64-fedora-gcc | 4.2.1 | 379.30 | NOTE | |||
r-devel-windows-x86_64 | 4.2.1 | 78.00 | 189.00 | 267.00 | NOTE | |
r-patched-linux-x86_64 | 4.2.1 | 80.40 | 188.27 | 268.67 | NOTE | |
r-release-linux-x86_64 | 4.2.1 | 77.73 | 185.91 | 263.64 | NOTE | |
r-release-macos-arm64 | 4.2.1 | 76.00 | NOTE | |||
r-release-macos-x86_64 | 4.2.1 | 110.00 | NOTE | |||
r-release-windows-x86_64 | 4.2.1 | 79.00 | 190.00 | 269.00 | NOTE | |
r-oldrel-macos-arm64 | 4.2.1 | 94.00 | NOTE | |||
r-oldrel-macos-x86_64 | 4.2.1 | 174.00 | NOTE | |||
r-oldrel-windows-x86_64 | 4.2.1 | 74.00 | 221.00 | 295.00 | NOTE |
Version: 4.2.1
Check: C++ specification
Result: NOTE
Specified C++11: please drop specification unless essential
Flavors: r-devel-linux-x86_64-debian-clang, r-devel-linux-x86_64-debian-gcc, r-devel-linux-x86_64-fedora-clang, r-devel-linux-x86_64-fedora-gcc, r-devel-windows-x86_64, r-patched-linux-x86_64, r-release-linux-x86_64, r-release-macos-arm64, r-release-macos-x86_64, r-release-windows-x86_64, r-oldrel-macos-arm64, r-oldrel-macos-x86_64, r-oldrel-windows-x86_64
Version: 4.2.1
Check: Rd files
Result: NOTE
checkRd: (-1) cv.glm1path.Rd:74: Lost braces
74 | \code{\link{glm1path}}, \\code{\link{glm1}}, \code{\link{glm}}, \code{\link{family}}
| ^
Flavors: r-devel-linux-x86_64-debian-clang, r-devel-linux-x86_64-debian-gcc, r-devel-linux-x86_64-fedora-clang, r-devel-linux-x86_64-fedora-gcc, r-devel-windows-x86_64, r-patched-linux-x86_64, r-release-linux-x86_64, r-release-macos-arm64, r-release-macos-x86_64, r-release-windows-x86_64
Version: 4.2.1
Check: installed package size
Result: NOTE
installed size is 6.4Mb
sub-directories of 1Mb or more:
libs 5.3Mb
Flavors: r-release-macos-arm64, r-release-macos-x86_64, r-oldrel-macos-arm64, r-oldrel-macos-x86_64