Last updated on 2024-07-18 01:55:37 CEST.
Flavor | Version | Tinstall | Tcheck | Ttotal | Status | Flags |
---|---|---|---|---|---|---|
r-devel-linux-x86_64-debian-clang | 0.1.6 | 4.93 | 38.78 | 43.71 | OK | |
r-devel-linux-x86_64-debian-gcc | 0.1.6 | 4.71 | 28.79 | 33.50 | OK | |
r-devel-linux-x86_64-fedora-clang | 0.1.6 | 58.47 | NOTE | |||
r-devel-linux-x86_64-fedora-gcc | 0.1.6 | 54.59 | OK | |||
r-devel-windows-x86_64 | 0.1.6 | 7.00 | 58.00 | 65.00 | OK | |
r-patched-linux-x86_64 | 0.1.6 | 5.64 | 36.81 | 42.45 | OK | |
r-release-linux-x86_64 | 0.1.6 | 4.61 | 37.66 | 42.27 | OK | |
r-release-macos-arm64 | 0.1.6 | 22.00 | OK | |||
r-release-macos-x86_64 | 0.1.6 | 31.00 | OK | |||
r-release-windows-x86_64 | 0.1.6 | 7.00 | 59.00 | 66.00 | OK | |
r-oldrel-macos-arm64 | 0.1.6 | 23.00 | OK | |||
r-oldrel-macos-x86_64 | 0.1.6 | 52.00 | OK | |||
r-oldrel-windows-x86_64 | 0.1.6 | 8.00 | 63.00 | 71.00 | OK |
Version: 0.1.6
Check: Rd cross-references
Result: NOTE
Undeclared package ‘mev’ in Rd xrefs
Flavor: r-devel-linux-x86_64-fedora-clang