Last updated on 2025-11-03 12:49:57 CET.
| Flavor | Version | Tinstall | Tcheck | Ttotal | Status | Flags | 
|---|---|---|---|---|---|---|
| r-devel-linux-x86_64-debian-clang | 1.1 | 15.97 | 89.55 | 105.52 | NOTE | |
| r-devel-linux-x86_64-debian-gcc | 1.1 | 11.14 | 80.47 | 91.61 | NOTE | |
| r-devel-linux-x86_64-fedora-clang | 1.1 | 36.00 | 129.44 | 165.44 | OK | |
| r-devel-linux-x86_64-fedora-gcc | 1.1 | 33.00 | 122.51 | 155.51 | OK | |
| r-devel-windows-x86_64 | 1.1 | 13.00 | 86.00 | 99.00 | OK | |
| r-patched-linux-x86_64 | 1.1 | 15.84 | 89.94 | 105.78 | OK | |
| r-release-linux-x86_64 | 1.1 | 14.78 | 90.72 | 105.50 | OK | |
| r-release-macos-arm64 | 1.1 | 11.00 | 63.00 | 74.00 | OK | |
| r-release-macos-x86_64 | 1.1 | 27.00 | 252.00 | 279.00 | OK | |
| r-release-windows-x86_64 | 1.1 | 13.00 | 84.00 | 97.00 | OK | |
| r-oldrel-macos-arm64 | 1.1 | 13.00 | 72.00 | 85.00 | OK | |
| r-oldrel-macos-x86_64 | 1.1 | 22.00 | 84.00 | 106.00 | OK | |
| r-oldrel-windows-x86_64 | 1.1 | 20.00 | 100.00 | 120.00 | OK | 
Version: 1.1
Check: CRAN incoming feasibility
Result: NOTE
  Maintainer: ‘Ana Belen Nieto Librero <ananieto@usal.es>’
  
  No Authors@R field in DESCRIPTION.
  Please add one, modifying
    Authors@R: c(person(given = c("Ana", "Belen", "Nieto"),
                        family = "Librero",
                        role = c("aut", "cre"),
                        email = "ananieto@usal.es"),
                 person(given = "Nora",
                        family = "Baccala",
                        role = "aut",
                        email = "norabaccala@gmail.com"),
                 person(given = c("Purificacion", "Vicente"),
                        family = "Galindo",
                        role = "aut",
                        email = "purivg@usal.es"),
                 person(given = c("Purificacion", "Galindo"),
                        family = "Villardon",
                        role = "aut",
                        email = "pgalindo@usal.es"))
  as necessary.
Flavors: r-devel-linux-x86_64-debian-clang, r-devel-linux-x86_64-debian-gcc