Last updated on 2025-11-03 12:49:57 CET.
| Flavor | Version | Tinstall | Tcheck | Ttotal | Status | Flags | 
|---|---|---|---|---|---|---|
| r-devel-linux-x86_64-debian-clang | 1.0.0 | 1.63 | 21.96 | 23.59 | NOTE | |
| r-devel-linux-x86_64-debian-gcc | 1.0.0 | 1.33 | 18.23 | 19.56 | NOTE | |
| r-devel-linux-x86_64-fedora-clang | 1.0.0 | 33.20 | OK | |||
| r-devel-linux-x86_64-fedora-gcc | 1.0.0 | 31.39 | OK | |||
| r-devel-windows-x86_64 | 1.0.0 | 2.00 | 41.00 | 43.00 | OK | |
| r-patched-linux-x86_64 | 1.0.0 | 1.62 | 19.55 | 21.17 | OK | |
| r-release-linux-x86_64 | 1.0.0 | 1.66 | 19.41 | 21.07 | OK | |
| r-release-macos-arm64 | 1.0.0 | 1.00 | 17.00 | 18.00 | OK | |
| r-release-macos-x86_64 | 1.0.0 | 2.00 | 27.00 | 29.00 | OK | |
| r-release-windows-x86_64 | 1.0.0 | 3.00 | 39.00 | 42.00 | OK | |
| r-oldrel-macos-arm64 | 1.0.0 | 1.00 | 15.00 | 16.00 | OK | |
| r-oldrel-macos-x86_64 | 1.0.0 | 2.00 | 20.00 | 22.00 | OK | |
| r-oldrel-windows-x86_64 | 1.0.0 | 3.00 | 44.00 | 47.00 | OK | 
Version: 1.0.0
Check: CRAN incoming feasibility
Result: NOTE
  Maintainer: ‘Ivan Tomic <info@ivantomic.com>’
  
  Package CITATION file contains call(s) to old-style personList() or
  as.personList().  Please use c() on person objects instead.
  Package CITATION file contains call(s) to old-style citEntry().  Please
  use bibentry() instead.
  
  Found the following \keyword or \concept entries
  which likely give several index terms:
    File ‘intersection.Rd’:
      \keyword{intersect,}
    File ‘mulset.Rd’:
      \keyword{intersection,}
      \keyword{mulset,}
Flavors: r-devel-linux-x86_64-debian-clang, r-devel-linux-x86_64-debian-gcc