Last updated on 2025-11-03 12:49:57 CET.
| Flavor | Version | Tinstall | Tcheck | Ttotal | Status | Flags | 
|---|---|---|---|---|---|---|
| r-devel-linux-x86_64-debian-clang | 0.5.2 | 482.64 | 174.14 | 656.78 | OK | |
| r-devel-linux-x86_64-debian-gcc | 0.5.2 | 442.20 | 161.37 | 603.57 | OK | |
| r-devel-linux-x86_64-fedora-clang | 0.5.2 | 1020.00 | 18.70 | 1038.70 | OK | |
| r-devel-linux-x86_64-fedora-gcc | 0.5.2 | 1380.00 | 3.03 | 1383.03 | OK | |
| r-devel-windows-x86_64 | 0.5.2 | 573.00 | 232.00 | 805.00 | OK | |
| r-patched-linux-x86_64 | 0.5.2 | 573.29 | 219.23 | 792.52 | OK | |
| r-release-linux-x86_64 | 0.5.2 | 571.44 | 220.29 | 791.73 | OK | |
| r-release-macos-arm64 | 0.5.2 | 204.00 | 62.00 | 266.00 | OK | |
| r-release-macos-x86_64 | 0.5.2 | 217.00 | 133.00 | 350.00 | OK | |
| r-release-windows-x86_64 | 0.5.2 | 577.00 | 222.00 | 799.00 | OK | |
| r-oldrel-macos-arm64 | 0.5.2 | 103.00 | 38.00 | 141.00 | NOTE | |
| r-oldrel-macos-x86_64 | 0.5.2 | 70.00 | 73.00 | 143.00 | NOTE | |
| r-oldrel-windows-x86_64 | 0.5.2 | 644.00 | 292.00 | 936.00 | NOTE | 
Version: 0.5.2
Check: installed package size
Result: NOTE
    installed size is 92.1Mb
    sub-directories of 1Mb or more:
      libs  91.8Mb
Flavors: r-oldrel-macos-arm64, r-oldrel-macos-x86_64
Version: 0.5.2
Check: for GNU extensions in Makefiles
Result: NOTE
  GNU make is a SystemRequirements.
Flavors: r-oldrel-macos-arm64, r-oldrel-macos-x86_64, r-oldrel-windows-x86_64