Last updated on 2025-11-03 12:49:57 CET.
| Flavor | Version | Tinstall | Tcheck | Ttotal | Status | Flags | 
|---|---|---|---|---|---|---|
| r-devel-linux-x86_64-debian-clang | 1.0.0 | 6.13 | 64.00 | 70.13 | NOTE | |
| r-devel-linux-x86_64-debian-gcc | 1.0.0 | 4.28 | 47.79 | 52.07 | NOTE | |
| r-devel-linux-x86_64-fedora-clang | 1.0.0 | 13.00 | 95.88 | 108.88 | OK | |
| r-devel-linux-x86_64-fedora-gcc | 1.0.0 | 14.00 | 108.93 | 122.93 | OK | |
| r-devel-windows-x86_64 | 1.0.0 | 9.00 | 74.00 | 83.00 | OK | |
| r-patched-linux-x86_64 | 1.0.0 | 6.22 | 59.64 | 65.86 | OK | |
| r-release-linux-x86_64 | 1.0.0 | 5.43 | 58.92 | 64.35 | OK | |
| r-release-macos-arm64 | 1.0.0 | 3.00 | 33.00 | 36.00 | OK | |
| r-release-macos-x86_64 | 1.0.0 | 5.00 | 54.00 | 59.00 | OK | |
| r-release-windows-x86_64 | 1.0.0 | 10.00 | 74.00 | 84.00 | OK | |
| r-oldrel-macos-arm64 | 1.0.0 | 3.00 | 31.00 | 34.00 | OK | |
| r-oldrel-macos-x86_64 | 1.0.0 | 4.00 | 46.00 | 50.00 | OK | |
| r-oldrel-windows-x86_64 | 1.0.0 | 12.00 | 93.00 | 105.00 | OK | 
Version: 1.0.0
Check: CRAN incoming feasibility
Result: NOTE
  Maintainer: ‘Andrew Tweedell <atweedell315@gmail.com>’
  
  Found the following \keyword or \concept entries
  which likely give several index terms:
    File ‘bin.Rd’:
      \keyword{bin,}
      \keyword{group,}
      \keyword{potentials,}
      \keyword{unit,}
    File ‘cumsum_mu_synch.Rd’:
      \keyword{recurrence,}
      \keyword{synchronization,}
      \keyword{unit,}
    File ‘mu_synch.Rd’:
      \keyword{Zscore,}
      \keyword{recurrence,}
      \keyword{sigmax,}
      \keyword{synchronization,}
      \keyword{unit,}
      \keyword{visual,}
    File ‘plot_bins.Rd’:
      \keyword{bin,}
      \keyword{plot,}
      \keyword{trains,}
      \keyword{unit,}
    File ‘recurrence_intervals.Rd’:
      \keyword{potentials,}
      \keyword{recurrence,}
      \keyword{unit,}
    File ‘visual_mu_synch.Rd’:
      \keyword{recurrence,}
      \keyword{synchronization,}
      \keyword{unit,}
    File ‘zscore_mu_synch.Rd’:
      \keyword{recurrence,}
      \keyword{synchronization,}
      \keyword{unit,}
Flavors: r-devel-linux-x86_64-debian-clang, r-devel-linux-x86_64-debian-gcc