Last updated on 2025-11-03 12:49:57 CET.
| Flavor | Version | Tinstall | Tcheck | Ttotal | Status | Flags | 
|---|---|---|---|---|---|---|
| r-devel-linux-x86_64-debian-clang | 0.2.3 | 9.74 | 145.11 | 154.85 | NOTE | |
| r-devel-linux-x86_64-debian-gcc | 0.2.3 | 6.82 | 100.45 | 107.27 | NOTE | |
| r-devel-linux-x86_64-fedora-clang | 0.2.3 | 44.00 | 202.73 | 246.73 | OK | |
| r-devel-linux-x86_64-fedora-gcc | 0.2.3 | 21.00 | 229.06 | 250.06 | OK | |
| r-devel-windows-x86_64 | 0.2.3 | 11.00 | 155.00 | 166.00 | OK | |
| r-patched-linux-x86_64 | 0.2.3 | 10.21 | 139.90 | 150.11 | OK | |
| r-release-linux-x86_64 | 0.2.3 | 9.23 | 138.24 | 147.47 | OK | |
| r-release-macos-arm64 | 0.2.3 | 4.00 | 81.00 | 85.00 | OK | |
| r-release-macos-x86_64 | 0.2.3 | 9.00 | 141.00 | 150.00 | OK | |
| r-release-windows-x86_64 | 0.2.3 | 12.00 | 154.00 | 166.00 | OK | |
| r-oldrel-macos-arm64 | 0.2.3 | 4.00 | 67.00 | 71.00 | OK | |
| r-oldrel-macos-x86_64 | 0.2.3 | 7.00 | 107.00 | 114.00 | OK | |
| r-oldrel-windows-x86_64 | 0.2.3 | 14.00 | 192.00 | 206.00 | OK | 
Version: 0.2.3
Check: CRAN incoming feasibility
Result: NOTE
  Maintainer: ‘William George Underwood <wgu2@princeton.edu>’
  
  The Description field contains
    and Cucuringu (2020) <arXiv:2004.01293>.
  Please refer to arXiv e-prints via their arXiv DOI <doi:10.48550/arXiv.YYMM.NNNNN>.
Flavors: r-devel-linux-x86_64-debian-clang, r-devel-linux-x86_64-debian-gcc