Last updated on 2025-11-03 12:49:57 CET.
| Flavor | Version | Tinstall | Tcheck | Ttotal | Status | Flags | 
|---|---|---|---|---|---|---|
| r-devel-linux-x86_64-debian-clang | 0.6.4 | 15.40 | 196.26 | 211.66 | NOTE | |
| r-devel-linux-x86_64-debian-gcc | 0.6.4 | 10.90 | 133.34 | 144.24 | NOTE | |
| r-devel-linux-x86_64-fedora-clang | 0.6.4 | 39.00 | 287.74 | 326.74 | OK | |
| r-devel-linux-x86_64-fedora-gcc | 0.6.4 | 35.00 | 292.86 | 327.86 | OK | |
| r-devel-windows-x86_64 | 0.6.4 | 21.00 | 190.00 | 211.00 | OK | |
| r-patched-linux-x86_64 | 0.6.4 | 16.32 | 179.81 | 196.13 | OK | |
| r-release-linux-x86_64 | 0.6.4 | 16.10 | 182.33 | 198.43 | OK | |
| r-release-macos-arm64 | 0.6.4 | 7.00 | 76.00 | 83.00 | OK | |
| r-release-macos-x86_64 | 0.6.4 | 15.00 | 148.00 | 163.00 | OK | |
| r-release-windows-x86_64 | 0.6.4 | 22.00 | 186.00 | 208.00 | OK | |
| r-oldrel-macos-arm64 | 0.6.4 | 7.00 | 57.00 | 64.00 | OK | |
| r-oldrel-macos-x86_64 | 0.6.4 | 22.00 | 98.00 | 120.00 | OK | |
| r-oldrel-windows-x86_64 | 0.6.4 | 26.00 | 243.00 | 269.00 | OK | 
Version: 0.6.4
Check: CRAN incoming feasibility
Result: NOTE
  Maintainer: ‘Daniel Kaplan <kaplan@macalester.edu>’
  
  No Authors@R field in DESCRIPTION.
  Please add one, modifying
    Authors@R: c(person(given = c("Daniel", "T."),
                        family = "Kaplan",
                        role = "aut",
                        email = "kaplan@macalester.edu"),
                 person(given = "Randall",
                        family = "Pruim",
                        role = "aut",
                        email = "rpruim@calvin.edu"),
                 person(given = c("Nicholas", "J."),
                        family = "Horton",
                        role = "aut",
                        email = "nhorton@amherst.edu"),
                 person(given = "Daniel",
                        family = "Kaplan",
                        role = "cre",
                        email = "kaplan@macalester.edu"))
  as necessary.
Flavors: r-devel-linux-x86_64-debian-clang, r-devel-linux-x86_64-debian-gcc