Last updated on 2025-11-03 12:49:57 CET.
| Flavor | Version | Tinstall | Tcheck | Ttotal | Status | Flags | 
|---|---|---|---|---|---|---|
| r-devel-linux-x86_64-debian-clang | 1.5.7 | 126.18 | 464.52 | 590.70 | OK | |
| r-devel-linux-x86_64-debian-gcc | 1.5.7 | 83.45 | 293.60 | 377.05 | OK | |
| r-devel-linux-x86_64-fedora-clang | 1.5.7 | 245.00 | 698.21 | 943.21 | OK | |
| r-devel-linux-x86_64-fedora-gcc | 1.5.7 | 273.00 | 658.73 | 931.73 | OK | |
| r-devel-windows-x86_64 | 1.5.7 | 123.00 | 372.00 | 495.00 | OK | |
| r-patched-linux-x86_64 | 1.5.7 | 119.36 | 429.57 | 548.93 | OK | |
| r-release-linux-x86_64 | 1.5.7 | 118.16 | 428.27 | 546.43 | OK | |
| r-release-macos-arm64 | 1.5.7 | 54.00 | 177.00 | 231.00 | OK | |
| r-release-macos-x86_64 | 1.5.7 | 120.00 | 391.00 | 511.00 | OK | |
| r-release-windows-x86_64 | 1.5.7 | 137.00 | 386.00 | 523.00 | OK | |
| r-oldrel-macos-arm64 | 1.5.7 | 54.00 | 180.00 | 234.00 | NOTE | |
| r-oldrel-macos-x86_64 | 1.5.7 | 132.00 | 425.00 | 557.00 | NOTE | |
| r-oldrel-windows-x86_64 | 1.5.7 | 161.00 | 534.00 | 695.00 | OK | 
Version: 1.5.7
Check: installed package size
Result: NOTE
    installed size is  9.0Mb
    sub-directories of 1Mb or more:
      R      2.0Mb
      doc    1.7Mb
      libs   4.5Mb
Flavors: r-oldrel-macos-arm64, r-oldrel-macos-x86_64