Last updated on 2025-07-04 00:50:09 CEST.
Flavor | Version | Tinstall | Tcheck | Ttotal | Status | Flags |
---|---|---|---|---|---|---|
r-devel-linux-x86_64-debian-clang | 0.1.6 | 2.79 | 33.85 | 36.64 | NOTE | |
r-devel-linux-x86_64-debian-gcc | 0.1.6 | 2.02 | 26.90 | 28.92 | NOTE | |
r-devel-linux-x86_64-fedora-clang | 0.1.6 | 57.16 | OK | |||
r-devel-linux-x86_64-fedora-gcc | 0.1.6 | 53.39 | OK | |||
r-devel-windows-x86_64 | 0.1.6 | 5.00 | 59.00 | 64.00 | NOTE | |
r-patched-linux-x86_64 | 0.1.6 | 3.13 | 31.62 | 34.75 | NOTE | |
r-release-linux-x86_64 | 0.1.6 | 2.93 | 31.35 | 34.28 | NOTE | |
r-release-macos-arm64 | 0.1.6 | 22.00 | OK | |||
r-release-macos-x86_64 | 0.1.6 | 34.00 | OK | |||
r-release-windows-x86_64 | 0.1.6 | 5.00 | 61.00 | 66.00 | NOTE | |
r-oldrel-macos-arm64 | 0.1.6 | 23.00 | OK | |||
r-oldrel-macos-x86_64 | 0.1.6 | 32.00 | OK | |||
r-oldrel-windows-x86_64 | 0.1.6 | 5.00 | 68.00 | 73.00 | OK |
Version: 0.1.6
Check: Rd cross-references
Result: NOTE
Found the following Rd file(s) with Rd \link{} targets missing package
anchors:
check_arguments.Rd: testthat
check_glance_outputs.Rd: glance
check_single_augment_output.Rd: augment
check_tibble.Rd: tidy, augment, glance
Please provide package anchors for all Rd \link{} targets not in the
package itself and the base packages.
Flavors: r-devel-linux-x86_64-debian-clang, r-devel-linux-x86_64-debian-gcc, r-devel-windows-x86_64, r-patched-linux-x86_64, r-release-linux-x86_64, r-release-windows-x86_64