CRAN Package Check Results for Package mod09nrt

Last updated on 2025-11-21 12:49:56 CET.

Flavor Version Tinstall Tcheck Ttotal Status Flags
r-devel-linux-x86_64-debian-clang 0.14 1.79 19.17 20.96 NOTE
r-devel-linux-x86_64-debian-gcc 0.14 1.19 16.40 17.59 NOTE
r-devel-linux-x86_64-fedora-clang 0.14 30.39 OK
r-devel-linux-x86_64-fedora-gcc 0.14 28.58 OK
r-devel-windows-x86_64 0.14 2.00 34.00 36.00 OK
r-patched-linux-x86_64 0.14 1.76 17.92 19.68 OK
r-release-linux-x86_64 0.14 1.65 17.89 19.54 OK
r-release-macos-arm64 0.14 OK
r-release-macos-x86_64 0.14 7.00 21.00 28.00 OK
r-release-windows-x86_64 0.14 3.00 34.00 37.00 OK
r-oldrel-macos-arm64 0.14 NOTE
r-oldrel-macos-x86_64 0.14 11.00 24.00 35.00 NOTE
r-oldrel-windows-x86_64 0.14 2.00 36.00 38.00 NOTE

Check Details

Version: 0.14
Check: CRAN incoming feasibility
Result: NOTE Maintainer: ‘Rishabh Gupta <rishabh.uk@gmail.com>’ No Authors@R field in DESCRIPTION. Please add one, modifying Authors@R: c(person(given = "Rishabh", family = "Gupta", role = c("aut", "cre"), email = "rishabh.uk@gmail.com"), person(given = c("Nicholas", "J."), family = "Matzke", role = "aut"), person(given = c("Dept.", "of", "Integrative"), family = "Biology", role = "aut"), person(given = "U.C.", family = "Berkeley", role = "aut")) as necessary. Flavors: r-devel-linux-x86_64-debian-clang, r-devel-linux-x86_64-debian-gcc

Version: 0.14
Check: LazyData
Result: NOTE 'LazyData' is specified without a 'data' directory Flavors: r-oldrel-macos-arm64, r-oldrel-macos-x86_64, r-oldrel-windows-x86_64