Last updated on 2025-07-04 00:50:09 CEST.
Flavor | Version | Tinstall | Tcheck | Ttotal | Status | Flags |
---|---|---|---|---|---|---|
r-devel-linux-x86_64-debian-clang | 1.3.3 | 13.32 | 124.43 | 137.75 | NOTE | |
r-devel-linux-x86_64-debian-gcc | 1.3.3 | 8.75 | 92.52 | 101.27 | NOTE | |
r-devel-linux-x86_64-fedora-clang | 1.3.3 | 219.43 | OK | |||
r-devel-linux-x86_64-fedora-gcc | 1.3.3 | 221.39 | OK | |||
r-devel-windows-x86_64 | 1.3.3 | 13.00 | 135.00 | 148.00 | OK | |
r-patched-linux-x86_64 | 1.3.3 | 12.01 | 118.64 | 130.65 | OK | |
r-release-linux-x86_64 | 1.3.3 | 12.60 | 119.71 | 132.31 | OK | |
r-release-macos-arm64 | 1.3.3 | 70.00 | OK | |||
r-release-macos-x86_64 | 1.3.3 | 120.00 | OK | |||
r-release-windows-x86_64 | 1.3.3 | 16.00 | 129.00 | 145.00 | OK | |
r-oldrel-macos-arm64 | 1.3.3 | 62.00 | OK | |||
r-oldrel-macos-x86_64 | 1.3.3 | 98.00 | OK | |||
r-oldrel-windows-x86_64 | 1.3.3 | 18.00 | 177.00 | 195.00 | OK |
Version: 1.3.3
Check: CRAN incoming feasibility
Result: NOTE
Maintainer: ‘David Winter <david.winter@gmail.com>’
Package CITATION file contains call(s) to old-style personList() or
as.personList(). Please use c() on person objects instead.
Package CITATION file contains call(s) to old-style citEntry(). Please
use bibentry() instead.
Flavors: r-devel-linux-x86_64-debian-clang, r-devel-linux-x86_64-debian-gcc