Last updated on 2024-08-17 02:48:19 CEST.
Flavor | Version | Tinstall | Tcheck | Ttotal | Status | Flags |
---|---|---|---|---|---|---|
r-devel-linux-x86_64-debian-clang | 0.1.9 | 15.22 | 142.23 | 157.45 | NOTE | |
r-devel-linux-x86_64-debian-gcc | 0.1.9 | 9.76 | 98.39 | 108.15 | NOTE | |
r-devel-linux-x86_64-fedora-clang | 0.1.9 | 254.80 | OK | |||
r-devel-linux-x86_64-fedora-gcc | 0.1.9 | 247.72 | OK | |||
r-devel-windows-x86_64 | 0.1.9 | 16.00 | 150.00 | 166.00 | NOTE | |
r-patched-linux-x86_64 | 0.1.9 | 20.89 | 133.35 | 154.24 | OK | |
r-release-linux-x86_64 | 0.1.9 | 13.47 | 140.84 | 154.31 | OK | |
r-release-macos-arm64 | 0.1.9 | 63.00 | OK | |||
r-release-macos-x86_64 | 0.1.9 | 108.00 | OK | |||
r-release-windows-x86_64 | 0.1.9 | 18.00 | 149.00 | 167.00 | OK | |
r-oldrel-macos-arm64 | 0.1.9 | 70.00 | OK | |||
r-oldrel-macos-x86_64 | 0.1.9 | 168.00 | OK | |||
r-oldrel-windows-x86_64 | 0.1.9 | 21.00 | 190.00 | 211.00 | OK |
Version: 0.1.9
Check: Rd cross-references
Result: NOTE
Found the following Rd file(s) with Rd \link{} targets missing package
anchors:
LearnerClust.Rd: Prediction, mlr_reflections, Learner
MeasureClust.Rd: mlr_reflections, Task, Learner, Resampling
TaskClust.Rd: mlr_tasks, DataBackend, DataBackendDataTable
as_task_clust.Rd: DataBackend
mlr_learners_clust.MBatchKMeans.Rd: Learner, mlr_learners, lrn
mlr_learners_clust.SimpleKMeans.Rd: Learner, mlr_learners, lrn
mlr_learners_clust.agnes.Rd: Learner, mlr_learners, lrn
mlr_learners_clust.ap.Rd: Learner, mlr_learners, lrn
mlr_learners_clust.cmeans.Rd: Learner, mlr_learners, lrn
mlr_learners_clust.cobweb.Rd: Learner, mlr_learners, lrn
mlr_learners_clust.dbscan.Rd: Learner, mlr_learners, lrn
mlr_learners_clust.dbscan_fpc.Rd: Learner, mlr_learners, lrn
mlr_learners_clust.diana.Rd: Learner, mlr_learners, lrn
mlr_learners_clust.em.Rd: Learner, mlr_learners, lrn
mlr_learners_clust.fanny.Rd: Learner, mlr_learners, lrn
mlr_learners_clust.featureless.Rd: Learner, mlr_learners, lrn
mlr_learners_clust.ff.Rd: Learner, mlr_learners, lrn
mlr_learners_clust.hclust.Rd: Learner, mlr_learners, lrn
mlr_learners_clust.hdbscan.Rd: Learner, mlr_learners, lrn
mlr_learners_clust.kkmeans.Rd: Learner, mlr_learners, lrn
mlr_learners_clust.kmeans.Rd: Learner, mlr_learners, lrn
mlr_learners_clust.mclust.Rd: Learner, mlr_learners, lrn
mlr_learners_clust.meanshift.Rd: Learner, mlr_learners, lrn
mlr_learners_clust.optics.Rd: Learner, mlr_learners, lrn
mlr_learners_clust.pam.Rd: Learner, mlr_learners, lrn
mlr_learners_clust.xmeans.Rd: Learner, mlr_learners, lrn
mlr_measures_clust.ch.Rd: mlr_measures
mlr_measures_clust.dunn.Rd: mlr_measures
mlr_measures_clust.silhouette.Rd: mlr_measures
mlr_measures_clust.wss.Rd: mlr_measures
Please provide package anchors for all Rd \link{} targets not in the
package itself and the base packages.
Flavors: r-devel-linux-x86_64-debian-clang, r-devel-linux-x86_64-debian-gcc, r-devel-windows-x86_64