Last updated on 2025-11-03 12:49:57 CET.
| Flavor | Version | Tinstall | Tcheck | Ttotal | Status | Flags | 
|---|---|---|---|---|---|---|
| r-devel-linux-x86_64-debian-clang | 1.0.1 | 53.51 | 418.64 | 472.15 | OK | |
| r-devel-linux-x86_64-debian-gcc | 1.0.1 | 37.75 | 291.89 | 329.64 | OK | |
| r-devel-linux-x86_64-fedora-clang | 1.0.1 | 329.00 | 498.10 | 827.10 | OK | |
| r-devel-linux-x86_64-fedora-gcc | 1.0.1 | 121.00 | 605.27 | 726.27 | OK | |
| r-devel-windows-x86_64 | 1.0.1 | 56.00 | 340.00 | 396.00 | OK | |
| r-patched-linux-x86_64 | 1.0.1 | 0.32 | 1.93 | 2.25 | ERROR | |
| r-release-linux-x86_64 | 1.0.1 | 0.32 | 1.82 | 2.14 | ERROR | |
| r-release-macos-arm64 | 1.0.1 | 24.00 | 153.00 | 177.00 | OK | |
| r-release-macos-x86_64 | 1.0.1 | 52.00 | 360.00 | 412.00 | OK | |
| r-release-windows-x86_64 | 1.0.1 | 55.00 | 331.00 | 386.00 | OK | |
| r-oldrel-macos-arm64 | 1.0.1 | 23.00 | 115.00 | 138.00 | OK | |
| r-oldrel-macos-x86_64 | 1.0.1 | 46.00 | 193.00 | 239.00 | OK | |
| r-oldrel-windows-x86_64 | 1.0.1 | 78.00 | 458.00 | 536.00 | OK | 
Version: 1.0.1
Check: package dependencies
Result: ERROR
  Packages required but not available:
    'scran', 'SingleCellExperiment', 'scuttle'
  
  See section ‘The DESCRIPTION file’ in the ‘Writing R Extensions’
  manual.
Flavor: r-patched-linux-x86_64
Version: 1.0.1
Check: package dependencies
Result: ERROR
  Packages required but not available: 'scran', 'scuttle'
  
  See section ‘The DESCRIPTION file’ in the ‘Writing R Extensions’
  manual.
Flavor: r-release-linux-x86_64