Last updated on 2025-11-03 12:49:57 CET.
| Flavor | Version | Tinstall | Tcheck | Ttotal | Status | Flags |
|---|---|---|---|---|---|---|
| r-devel-linux-x86_64-debian-clang | 0.2.0 | 3.85 | 26.91 | 30.76 | OK | |
| r-devel-linux-x86_64-debian-gcc | 0.2.0 | 3.14 | 21.45 | 24.59 | OK | |
| r-devel-linux-x86_64-fedora-clang | 0.2.1 | 21.00 | 35.55 | 56.55 | OK | |
| r-devel-linux-x86_64-fedora-gcc | 0.2.0 | NOTE | ||||
| r-devel-windows-x86_64 | 0.2.0 | 7.00 | 50.00 | 57.00 | OK | |
| r-patched-linux-x86_64 | 0.1.0 | 3.40 | 22.91 | 26.31 | OK | |
| r-release-linux-x86_64 | 0.2.0 | 3.99 | 24.60 | 28.59 | OK | |
| r-release-macos-arm64 | 0.2.1 | 2.00 | 20.00 | 22.00 | OK | |
| r-release-macos-x86_64 | 0.2.1 | 5.00 | 34.00 | 39.00 | OK | |
| r-release-windows-x86_64 | 0.2.0 | 6.00 | 49.00 | 55.00 | OK | |
| r-oldrel-macos-arm64 | 0.2.1 | 2.00 | 26.00 | 28.00 | OK | |
| r-oldrel-macos-x86_64 | 0.2.1 | 5.00 | 47.00 | 52.00 | OK | |
| r-oldrel-windows-x86_64 | 0.2.0 | 5.00 | 55.00 | 60.00 | OK |
Version: 0.2.0
Check: dependencies in R code
Result: NOTE
Namespace in Imports field not imported from: ‘DiagrammeR’
All declared Imports should be used.
Flavor: r-devel-linux-x86_64-fedora-gcc