Last updated on 2025-11-03 12:49:56 CET.
| Flavor | Version | Tinstall | Tcheck | Ttotal | Status | Flags | 
|---|---|---|---|---|---|---|
| r-devel-linux-x86_64-debian-clang | 1.6 | 5.64 | 837.98 | 843.62 | OK | |
| r-devel-linux-x86_64-debian-gcc | 1.6 | 4.67 | 440.92 | 445.59 | OK | |
| r-devel-linux-x86_64-fedora-clang | 1.6 | 15.00 | 1350.20 | 1365.20 | NOTE | |
| r-devel-linux-x86_64-fedora-gcc | 1.6 | 12.00 | 1307.52 | 1319.52 | NOTE | |
| r-devel-windows-x86_64 | 1.6 | 9.00 | 597.00 | 606.00 | OK | |
| r-patched-linux-x86_64 | 1.6 | 7.08 | 792.59 | 799.67 | OK | |
| r-release-linux-x86_64 | 1.6 | 5.09 | 786.37 | 791.46 | OK | |
| r-release-macos-arm64 | 1.6 | 4.00 | 305.00 | 309.00 | OK | |
| r-release-macos-x86_64 | 1.6 | 5.00 | 539.00 | 544.00 | OK | |
| r-release-windows-x86_64 | 1.6 | 12.00 | 596.00 | 608.00 | OK | |
| r-oldrel-macos-arm64 | 1.6 | 3.00 | 266.00 | 269.00 | OK | |
| r-oldrel-macos-x86_64 | 1.6 | 6.00 | 553.00 | 559.00 | OK | |
| r-oldrel-windows-x86_64 | 1.6 | 13.00 | 944.00 | 957.00 | OK | 
Version: 1.6
Check: dependencies in R code
Result: NOTE
  Namespace in Imports field not imported from: ‘testthat’
    All declared Imports should be used.
Flavors: r-devel-linux-x86_64-fedora-clang, r-devel-linux-x86_64-fedora-gcc