Last updated on 2024-07-18 01:55:35 CEST.
Flavor | Version | Tinstall | Tcheck | Ttotal | Status | Flags |
---|---|---|---|---|---|---|
r-devel-linux-x86_64-debian-clang | 0.4.3 | 3.05 | 45.69 | 48.74 | NOTE | |
r-devel-linux-x86_64-debian-gcc | 0.4.3 | 2.53 | 35.22 | 37.75 | NOTE | |
r-devel-linux-x86_64-fedora-clang | 0.4.3 | 63.00 | NOTE | |||
r-devel-linux-x86_64-fedora-gcc | 0.4.3 | 61.16 | NOTE | |||
r-devel-windows-x86_64 | 0.4.3 | 4.00 | 68.00 | 72.00 | NOTE | |
r-patched-linux-x86_64 | 0.4.3 | 5.96 | 43.61 | 49.57 | NOTE | |
r-release-linux-x86_64 | 0.4.3 | 3.30 | 44.32 | 47.62 | NOTE | |
r-release-macos-arm64 | 0.4.3 | 22.00 | NOTE | |||
r-release-macos-x86_64 | 0.4.3 | 32.00 | NOTE | |||
r-release-windows-x86_64 | 0.4.3 | 5.00 | 69.00 | 74.00 | NOTE | |
r-oldrel-macos-arm64 | 0.4.3 | 23.00 | NOTE | |||
r-oldrel-macos-x86_64 | 0.4.3 | 33.00 | NOTE | |||
r-oldrel-windows-x86_64 | 0.4.3 | 5.00 | 71.00 | 76.00 | NOTE |
Version: 0.4.3
Check: LazyData
Result: NOTE
'LazyData' is specified without a 'data' directory
Flavors: r-devel-linux-x86_64-debian-clang, r-devel-linux-x86_64-debian-gcc, r-devel-linux-x86_64-fedora-clang, r-devel-linux-x86_64-fedora-gcc, r-devel-windows-x86_64, r-patched-linux-x86_64, r-release-linux-x86_64, r-release-macos-arm64, r-release-macos-x86_64, r-release-windows-x86_64, r-oldrel-macos-arm64, r-oldrel-macos-x86_64, r-oldrel-windows-x86_64
Version: 0.4.3
Check: Rd cross-references
Result: NOTE
Found the following Rd file(s) with Rd \link{} targets missing package
anchors:
caterplot.Rd: denstrip
Please provide package anchors for all Rd \link{} targets not in the
package itself and the base packages.
Flavor: r-devel-windows-x86_64