Last updated on 2024-07-01 01:49:04 CEST.
Flavor | Version | Tinstall | Tcheck | Ttotal | Status | Flags |
---|---|---|---|---|---|---|
r-devel-linux-x86_64-debian-clang | 2.3.1 | 13.27 | 24.50 | 37.77 | OK | |
r-devel-linux-x86_64-debian-gcc | 2.3.1 | 12.23 | 19.52 | 31.75 | OK | |
r-devel-linux-x86_64-fedora-clang | 2.3.1 | 52.15 | NOTE | |||
r-devel-linux-x86_64-fedora-gcc | 2.3.1 | 50.60 | OK | |||
r-devel-windows-x86_64 | 2.3.1 | 22.00 | 41.00 | 63.00 | NOTE | |
r-patched-linux-x86_64 | 2.3.1 | 13.36 | 24.49 | 37.85 | OK | |
r-release-linux-x86_64 | 2.3.1 | 13.77 | 24.46 | 38.23 | OK | |
r-release-macos-arm64 | 2.3.1 | 26.00 | NOTE | |||
r-release-macos-x86_64 | 2.3.1 | 38.00 | NOTE | |||
r-release-windows-x86_64 | 2.3.1 | 22.00 | 42.00 | 64.00 | NOTE | |
r-oldrel-macos-arm64 | 2.3.1 | 28.00 | NOTE | |||
r-oldrel-macos-x86_64 | 2.3.1 | 46.00 | NOTE | |||
r-oldrel-windows-x86_64 | 2.3.1 | 27.00 | 43.00 | 70.00 | NOTE |
Version: 2.3.1
Check: installed package size
Result: NOTE
installed size is 33.6Mb
sub-directories of 1Mb or more:
mapdata 33.4Mb
Flavors: r-devel-linux-x86_64-fedora-clang, r-devel-windows-x86_64, r-release-macos-arm64, r-release-macos-x86_64, r-release-windows-x86_64, r-oldrel-macos-arm64, r-oldrel-macos-x86_64, r-oldrel-windows-x86_64