Last updated on 2024-06-14 13:56:24 CEST.
Flavor | Version | Tinstall | Tcheck | Ttotal | Status | Flags |
---|---|---|---|---|---|---|
r-devel-linux-x86_64-debian-clang | 0.1.1 | 58.48 | 85.35 | 143.83 | NOTE | |
r-devel-linux-x86_64-debian-gcc | 0.1.1 | 46.43 | 62.58 | 109.01 | NOTE | |
r-devel-linux-x86_64-fedora-clang | 0.1.1 | 200.74 | NOTE | |||
r-devel-linux-x86_64-fedora-gcc | 0.1.1 | 202.40 | NOTE | |||
r-devel-windows-x86_64 | 0.1.1 | 49.00 | 97.00 | 146.00 | NOTE | |
r-patched-linux-x86_64 | 0.1.1 | 54.28 | 80.26 | 134.54 | NOTE | |
r-release-linux-x86_64 | 0.1.1 | 55.80 | 82.58 | 138.38 | NOTE | |
r-release-macos-arm64 | 0.1.1 | 48.00 | NOTE | |||
r-release-macos-x86_64 | 0.1.1 | 73.00 | NOTE | |||
r-release-windows-x86_64 | 0.1.1 | 50.00 | 97.00 | 147.00 | NOTE | |
r-oldrel-macos-arm64 | 0.1.1 | 56.00 | NOTE | |||
r-oldrel-macos-x86_64 | 0.1.1 | 93.00 | NOTE | |||
r-oldrel-windows-x86_64 | 0.1.1 | 63.00 | 116.00 | 179.00 | NOTE |
Version: 0.1.1
Check: C++ specification
Result: NOTE
Specified C++11: please drop specification unless essential
Flavors: r-devel-linux-x86_64-debian-clang, r-devel-linux-x86_64-debian-gcc, r-devel-linux-x86_64-fedora-clang, r-devel-linux-x86_64-fedora-gcc, r-devel-windows-x86_64, r-patched-linux-x86_64, r-release-linux-x86_64, r-release-macos-arm64, r-release-macos-x86_64, r-release-windows-x86_64, r-oldrel-macos-arm64, r-oldrel-macos-x86_64, r-oldrel-windows-x86_64