Last updated on 2025-11-03 12:49:56 CET.
| Flavor | Version | Tinstall | Tcheck | Ttotal | Status | Flags | 
|---|---|---|---|---|---|---|
| r-devel-linux-x86_64-debian-clang | 2.0 | 19.30 | 286.14 | 305.44 | OK | |
| r-devel-linux-x86_64-debian-gcc | 2.0 | 14.86 | 200.95 | 215.81 | OK | |
| r-devel-linux-x86_64-fedora-clang | 2.0 | 38.00 | 458.74 | 496.74 | OK | |
| r-devel-linux-x86_64-fedora-gcc | 2.0 | 39.00 | 451.70 | 490.70 | OK | |
| r-devel-windows-x86_64 | 2.0 | 19.00 | 280.00 | 299.00 | OK | |
| r-patched-linux-x86_64 | 2.0 | 17.58 | 274.67 | 292.25 | OK | |
| r-release-linux-x86_64 | 2.0 | 18.80 | 272.72 | 291.52 | OK | |
| r-release-macos-arm64 | 2.0 | 7.00 | 120.00 | 127.00 | OK | |
| r-release-macos-x86_64 | 2.0 | 14.00 | 252.00 | 266.00 | OK | |
| r-release-windows-x86_64 | 2.0 | 21.00 | 271.00 | 292.00 | OK | |
| r-oldrel-macos-arm64 | 2.0 | 7.00 | 103.00 | 110.00 | NOTE | |
| r-oldrel-macos-x86_64 | 2.0 | 11.00 | 171.00 | 182.00 | NOTE | |
| r-oldrel-windows-x86_64 | 2.0 | 27.00 | 353.00 | 380.00 | NOTE | 
Version: 2.0
Check: installed package size
Result: NOTE
    installed size is  7.3Mb
    sub-directories of 1Mb or more:
      doc   6.9Mb
Flavors: r-oldrel-macos-arm64, r-oldrel-macos-x86_64, r-oldrel-windows-x86_64