Last updated on 2024-06-14 13:56:24 CEST.
Flavor | Version | Tinstall | Tcheck | Ttotal | Status | Flags |
---|---|---|---|---|---|---|
r-devel-linux-x86_64-debian-clang | 2.8.3 | 175.55 | 146.87 | 322.42 | OK | |
r-devel-linux-x86_64-debian-gcc | 2.8.3 | 102.67 | 111.71 | 214.38 | OK | |
r-devel-linux-x86_64-fedora-clang | 2.8.3 | 510.60 | NOTE | |||
r-devel-linux-x86_64-fedora-gcc | 2.8.3 | 468.97 | OK | |||
r-devel-windows-x86_64 | 2.8.3 | 152.00 | 484.00 | 636.00 | NOTE | |
r-patched-linux-x86_64 | 2.8.3 | 144.78 | 147.68 | 292.46 | OK | |
r-release-linux-x86_64 | 2.8.3 | 139.21 | 147.53 | 286.74 | OK | |
r-release-macos-arm64 | 2.8.3 | 109.00 | NOTE | |||
r-release-macos-x86_64 | 2.8.3 | 151.00 | NOTE | |||
r-release-windows-x86_64 | 2.8.3 | 157.00 | 513.00 | 670.00 | NOTE | |
r-oldrel-macos-arm64 | 2.8.3 | 157.00 | NOTE | |||
r-oldrel-macos-x86_64 | 2.8.3 | 289.00 | NOTE | |||
r-oldrel-windows-x86_64 | 2.8.3 | 172.00 | 555.00 | 727.00 | NOTE |
Version: 2.8.3
Check: package dependencies
Result: NOTE
Package suggested but not available for checking: ‘tesseract’
Flavor: r-devel-linux-x86_64-fedora-clang
Version: 2.8.3
Check: installed package size
Result: NOTE
installed size is 7.4Mb
sub-directories of 1Mb or more:
doc 6.3Mb
Flavors: r-devel-linux-x86_64-fedora-clang, r-devel-windows-x86_64, r-release-macos-arm64, r-release-macos-x86_64, r-release-windows-x86_64, r-oldrel-macos-arm64, r-oldrel-macos-x86_64, r-oldrel-windows-x86_64