CRAN Package Check Results for Package mFilter

Last updated on 2025-07-04 00:50:08 CEST.

Flavor Version Tinstall Tcheck Ttotal Status Flags
r-devel-linux-x86_64-debian-clang 0.1-5 2.69 30.46 33.15 NOTE
r-devel-linux-x86_64-debian-gcc 0.1-5 1.87 23.37 25.24 NOTE
r-devel-linux-x86_64-fedora-clang 0.1-5 50.23 OK
r-devel-linux-x86_64-fedora-gcc 0.1-5 47.76 OK
r-devel-windows-x86_64 0.1-5 3.00 50.00 53.00 OK
r-patched-linux-x86_64 0.1-5 3.17 28.42 31.59 OK
r-release-linux-x86_64 0.1-5 2.26 28.51 30.77 OK
r-release-macos-arm64 0.1-5 20.00 OK
r-release-macos-x86_64 0.1-5 31.00 OK
r-release-windows-x86_64 0.1-5 4.00 52.00 56.00 OK
r-oldrel-macos-arm64 0.1-5 25.00 OK
r-oldrel-macos-x86_64 0.1-5 29.00 OK
r-oldrel-windows-x86_64 0.1-5 4.00 55.00 59.00 OK

Check Details

Version: 0.1-5
Check: CRAN incoming feasibility
Result: NOTE Maintainer: ‘Mehmet Balcilar <mehmet@mbalcilar.net>’ No Authors@R field in DESCRIPTION. Please add one, modifying Authors@R: person(given = "Mehmet", family = "Balcilar", role = c("aut", "cre"), email = "mehmet@mbalcilar.net") as necessary. Flavors: r-devel-linux-x86_64-debian-clang, r-devel-linux-x86_64-debian-gcc