Last updated on 2025-11-03 12:49:55 CET.
| Flavor | Version | Tinstall | Tcheck | Ttotal | Status | Flags | 
|---|---|---|---|---|---|---|
| r-devel-linux-x86_64-debian-clang | 5.2 | 12.56 | 82.31 | 94.87 | NOTE | |
| r-devel-linux-x86_64-debian-gcc | 5.2 | 8.73 | 59.90 | 68.63 | NOTE | |
| r-devel-linux-x86_64-fedora-clang | 5.2 | 27.00 | 119.89 | 146.89 | OK | |
| r-devel-linux-x86_64-fedora-gcc | 5.2 | 24.00 | 115.45 | 139.45 | OK | |
| r-devel-windows-x86_64 | 5.2 | 13.00 | 105.00 | 118.00 | OK | |
| r-patched-linux-x86_64 | 5.2 | 13.00 | 79.04 | 92.04 | OK | |
| r-release-linux-x86_64 | 5.2 | 12.42 | 77.84 | 90.26 | OK | |
| r-release-macos-arm64 | 5.2 | 6.00 | 36.00 | 42.00 | OK | |
| r-release-macos-x86_64 | 5.2 | 11.00 | 76.00 | 87.00 | OK | |
| r-release-windows-x86_64 | 5.2 | 12.00 | 96.00 | 108.00 | OK | |
| r-oldrel-macos-arm64 | 5.2 | 5.00 | 38.00 | 43.00 | OK | |
| r-oldrel-macos-x86_64 | 5.2 | 15.00 | 91.00 | 106.00 | OK | |
| r-oldrel-windows-x86_64 | 5.2 | 17.00 | 104.00 | 121.00 | OK | 
Version: 5.2
Check: CRAN incoming feasibility
Result: NOTE
  Maintainer: ‘Christian E. Galarza <cgalarza88@gmail.com>’
  
  No Authors@R field in DESCRIPTION.
  Please add one, modifying
    Authors@R: c(person(given = c("Christian", "E."),
                        family = "Galarza",
                        role = c("aut", "cre"),
                        email = "chedgala@espol.edu.ec"),
                 person(given = "Luis",
                        family = "Benites",
                        role = "aut",
                        email = "lbenitess@pucp.edu.pe"),
                 person(given = "Marcelo",
                        family = "Bourguignon",
                        role = "aut",
                        email = "m.p.bourguignon@gmail.com"),
                 person(given = c("Victor", "H."),
                        family = "Lachos",
                        role = "aut",
                        email = "hlachos@uconn.edu"))
  as necessary.
Flavors: r-devel-linux-x86_64-debian-clang, r-devel-linux-x86_64-debian-gcc