Last updated on 2024-07-18 01:55:35 CEST.
Flavor | Version | Tinstall | Tcheck | Ttotal | Status | Flags |
---|---|---|---|---|---|---|
r-devel-linux-x86_64-debian-clang | 0.1.3 | 2.48 | 37.64 | 40.12 | NOTE | |
r-devel-linux-x86_64-debian-gcc | 0.1.3 | 1.99 | 28.77 | 30.76 | NOTE | |
r-devel-linux-x86_64-fedora-clang | 0.1.3 | 52.06 | NOTE | |||
r-devel-linux-x86_64-fedora-gcc | 0.1.3 | 48.74 | NOTE | |||
r-devel-windows-x86_64 | 0.1.3 | 3.00 | 55.00 | 58.00 | NOTE | |
r-patched-linux-x86_64 | 0.1.3 | 2.74 | 35.33 | 38.07 | NOTE | |
r-release-linux-x86_64 | 0.1.3 | 2.34 | 35.81 | 38.15 | NOTE | |
r-release-macos-arm64 | 0.1.3 | 22.00 | NOTE | |||
r-release-macos-x86_64 | 0.1.3 | 29.00 | NOTE | |||
r-release-windows-x86_64 | 0.1.3 | 3.00 | 52.00 | 55.00 | NOTE | |
r-oldrel-macos-arm64 | 0.1.3 | 21.00 | OK | |||
r-oldrel-macos-x86_64 | 0.1.3 | 30.00 | OK | |||
r-oldrel-windows-x86_64 | 0.1.3 | 4.00 | 58.00 | 62.00 | OK |
Version: 0.1.3
Check: Rd files
Result: NOTE
checkRd: (-1) SAheart.Rd:96: Lost braces
96 | J.E. Rossouw, J.P.D. Plessis, A.J.S. Benad\'{e}, P.C.J. Jordaan,
| ^
checkRd: (-1) SAheart.Rd:97: Lost braces
97 | J.P. Kotz\'{e}, P.L. Jooste, and J.J. Ferreira (1983)
| ^
Flavors: r-devel-linux-x86_64-debian-clang, r-devel-linux-x86_64-debian-gcc, r-devel-linux-x86_64-fedora-clang, r-devel-linux-x86_64-fedora-gcc, r-devel-windows-x86_64, r-patched-linux-x86_64, r-release-linux-x86_64, r-release-macos-arm64, r-release-macos-x86_64, r-release-windows-x86_64
Version: 0.1.3
Check: data for non-ASCII characters
Result: NOTE
Note: found 994 marked Latin-1 strings
Flavors: r-devel-linux-x86_64-fedora-clang, r-devel-linux-x86_64-fedora-gcc