Last updated on 2025-11-03 12:49:55 CET.
| Flavor | Version | Tinstall | Tcheck | Ttotal | Status | Flags | 
|---|---|---|---|---|---|---|
| r-devel-linux-x86_64-debian-clang | 0.2.3 | 7.04 | 59.14 | 66.18 | NOTE | |
| r-devel-linux-x86_64-debian-gcc | 0.2.3 | 6.07 | 42.92 | 48.99 | NOTE | |
| r-devel-linux-x86_64-fedora-clang | 0.2.3 | 16.00 | 89.83 | 105.83 | OK | |
| r-devel-linux-x86_64-fedora-gcc | 0.2.3 | 17.00 | 80.97 | 97.97 | OK | |
| r-devel-windows-x86_64 | 0.2.3 | 10.00 | 70.00 | 80.00 | OK | |
| r-patched-linux-x86_64 | 0.2.3 | 8.24 | 56.25 | 64.49 | OK | |
| r-release-linux-x86_64 | 0.2.3 | 6.94 | 56.05 | 62.99 | OK | |
| r-release-macos-arm64 | 0.2.3 | 4.00 | 30.00 | 34.00 | OK | |
| r-release-macos-x86_64 | 0.2.3 | 7.00 | 41.00 | 48.00 | OK | |
| r-release-windows-x86_64 | 0.2.3 | 11.00 | 69.00 | 80.00 | OK | |
| r-oldrel-macos-arm64 | 0.2.3 | 3.00 | 25.00 | 28.00 | OK | |
| r-oldrel-macos-x86_64 | 0.2.3 | 6.00 | 39.00 | 45.00 | OK | |
| r-oldrel-windows-x86_64 | 0.2.3 | 15.00 | 86.00 | 101.00 | OK | 
Version: 0.2.3
Check: CRAN incoming feasibility
Result: NOTE
  Maintainer: ‘Ross Jacobucci <rcjacobuc@gmail.com>’
  
  No Authors@R field in DESCRIPTION.
  Please add one, modifying
    Authors@R: c(person(given = "Ross",
                        family = "Jacobucci",
                        role = c("aut", "cre"),
                        email = "rcjacobuc@gmail.com"),
                 person(given = "Sam",
                        family = "Stewart",
                        role = "aut"),
                 person(given = "Mohamed",
                        family = "Abdolell",
                        role = "aut"),
                 person(given = "Sarfaraz",
                        family = "Serang",
                        role = "ctb"),
                 person(given = "Gabriela",
                        family = "Stegmann",
                        role = "ctb"))
  as necessary.
Flavors: r-devel-linux-x86_64-debian-clang, r-devel-linux-x86_64-debian-gcc