Last updated on 2025-11-03 12:49:55 CET.
| Flavor | Version | Tinstall | Tcheck | Ttotal | Status | Flags | 
|---|---|---|---|---|---|---|
| r-devel-linux-x86_64-debian-clang | 1.0 | 8.38 | 72.75 | 81.13 | NOTE | |
| r-devel-linux-x86_64-debian-gcc | 1.0 | 7.53 | 54.57 | 62.10 | NOTE | |
| r-devel-linux-x86_64-fedora-clang | 1.0 | 19.00 | 105.65 | 124.65 | OK | |
| r-devel-linux-x86_64-fedora-gcc | 1.0 | 17.00 | 100.94 | 117.94 | OK | |
| r-devel-windows-x86_64 | 1.0 | 9.00 | 81.00 | 90.00 | OK | |
| r-patched-linux-x86_64 | 1.0 | 8.26 | 69.50 | 77.76 | OK | |
| r-release-linux-x86_64 | 1.0 | 8.66 | 69.24 | 77.90 | OK | |
| r-release-macos-arm64 | 1.0 | 4.00 | 34.00 | 38.00 | OK | |
| r-release-macos-x86_64 | 1.0 | 8.00 | 58.00 | 66.00 | OK | |
| r-release-windows-x86_64 | 1.0 | 10.00 | 79.00 | 89.00 | OK | |
| r-oldrel-macos-arm64 | 1.0 | 4.00 | 34.00 | 38.00 | OK | |
| r-oldrel-macos-x86_64 | 1.0 | 10.00 | 74.00 | 84.00 | OK | |
| r-oldrel-windows-x86_64 | 1.0 | 12.00 | 99.00 | 111.00 | OK | 
Version: 1.0
Check: CRAN incoming feasibility
Result: NOTE
  Maintainer: ‘Manuel Escabias <escabias@ugr.es>’
  
  No Authors@R field in DESCRIPTION.
  Please add one, modifying
    Authors@R: c(person(given = c("Carmen", "Lucia", "Reina", "Ana", "Maria", "Aguilera"),
                        family = "<aaguiler@ugr.es>",
                        role = "aut",
                        email = "aaguiler@ugr.es"),
                 person(given = "Manuel",
                        family = "Escabias",
                        role = c("aut", "cre"),
                        email = "escabias@ugr.es"))
  as necessary.
Flavors: r-devel-linux-x86_64-debian-clang, r-devel-linux-x86_64-debian-gcc