CRAN Package Check Results for Package log

Last updated on 2025-07-04 00:50:07 CEST.

Flavor Version Tinstall Tcheck Ttotal Status Flags
r-devel-linux-x86_64-debian-clang 1.1.1 3.89 24.44 28.33 NOTE
r-devel-linux-x86_64-debian-gcc 1.1.1 3.08 20.14 23.22 NOTE
r-devel-linux-x86_64-fedora-clang 1.1.1 41.83 NOTE
r-devel-linux-x86_64-fedora-gcc 1.1.1 39.39 NOTE
r-devel-windows-x86_64 1.1.1 5.00 46.00 51.00 NOTE
r-patched-linux-x86_64 1.1.1 3.12 22.03 25.15 NOTE
r-release-linux-x86_64 1.1.1 3.34 22.08 25.42 NOTE
r-release-macos-arm64 1.1.1 20.00 NOTE
r-release-macos-x86_64 1.1.1 31.00 NOTE
r-release-windows-x86_64 1.1.1 4.00 45.00 49.00 NOTE
r-oldrel-macos-arm64 1.1.1 17.00 OK
r-oldrel-macos-x86_64 1.1.1 25.00 OK
r-oldrel-windows-x86_64 1.1.1 5.00 51.00 56.00 OK

Check Details

Version: 1.1.1
Check: DESCRIPTION meta-information
Result: NOTE Missing dependency on R >= 4.1.0 because package code uses the pipe |> or function shorthand \(...) syntax added in R 4.1.0. File(s) using such syntax: ‘logger.R’ Flavors: r-devel-linux-x86_64-debian-clang, r-devel-linux-x86_64-debian-gcc, r-devel-linux-x86_64-fedora-clang, r-devel-linux-x86_64-fedora-gcc, r-devel-windows-x86_64, r-patched-linux-x86_64, r-release-linux-x86_64, r-release-macos-arm64, r-release-macos-x86_64, r-release-windows-x86_64

Version: 1.1.1
Check: dependencies in R code
Result: NOTE Namespace in Imports field not imported from: ‘R6’ All declared Imports should be used. Flavors: r-devel-linux-x86_64-fedora-clang, r-devel-linux-x86_64-fedora-gcc