Last updated on 2024-06-14 13:56:23 CEST.
Flavor | Version | Tinstall | Tcheck | Ttotal | Status | Flags |
---|---|---|---|---|---|---|
r-devel-linux-x86_64-debian-clang | 1.5.5 | 685.47 | 343.85 | 1029.32 | NOTE | |
r-devel-linux-x86_64-debian-gcc | 1.5.5 | 480.21 | 254.75 | 734.96 | NOTE | |
r-devel-linux-x86_64-fedora-clang | 1.5.5 | 1378.82 | NOTE | |||
r-devel-linux-x86_64-fedora-gcc | 1.5.5 | 1572.39 | NOTE | |||
r-devel-windows-x86_64 | 1.5.5 | 496.00 | 337.00 | 833.00 | NOTE | |
r-patched-linux-x86_64 | 1.5.5 | 630.64 | 335.42 | 966.06 | NOTE | |
r-release-linux-x86_64 | 1.5.5 | 447.00 | 331.20 | 778.20 | NOTE | |
r-release-macos-arm64 | 1.5.5 | 309.00 | NOTE | |||
r-release-macos-x86_64 | 1.5.5 | 342.00 | NOTE | |||
r-release-windows-x86_64 | 1.5.5 | 527.00 | 329.00 | 856.00 | NOTE | |
r-oldrel-macos-arm64 | 1.5.5 | 305.00 | NOTE | |||
r-oldrel-macos-x86_64 | 1.5.5 | 414.00 | NOTE | |||
r-oldrel-windows-x86_64 | 1.5.5 | 632.00 | 412.00 | 1044.00 | NOTE |
Version: 1.5.5
Check: for GNU extensions in Makefiles
Result: NOTE
GNU make is a SystemRequirements.
Flavors: r-devel-linux-x86_64-debian-clang, r-devel-linux-x86_64-debian-gcc, r-devel-linux-x86_64-fedora-clang, r-devel-linux-x86_64-fedora-gcc, r-devel-windows-x86_64, r-patched-linux-x86_64, r-release-linux-x86_64, r-release-macos-arm64, r-release-macos-x86_64, r-release-windows-x86_64, r-oldrel-macos-arm64, r-oldrel-macos-x86_64, r-oldrel-windows-x86_64
Version: 1.5.5
Check: installed package size
Result: NOTE
installed size is 6.8Mb
sub-directories of 1Mb or more:
help 1.1Mb
libs 3.9Mb
Flavors: r-devel-linux-x86_64-fedora-clang, r-devel-windows-x86_64, r-release-macos-arm64, r-release-macos-x86_64, r-release-windows-x86_64, r-oldrel-macos-arm64, r-oldrel-macos-x86_64, r-oldrel-windows-x86_64