Last updated on 2025-11-03 12:49:55 CET.
| Flavor | Version | Tinstall | Tcheck | Ttotal | Status | Flags | 
|---|---|---|---|---|---|---|
| r-devel-linux-x86_64-debian-clang | 0.4.3.1 | 8.59 | 120.62 | 129.21 | NOTE | |
| r-devel-linux-x86_64-debian-gcc | 0.4.3.1 | 7.68 | 94.43 | 102.11 | NOTE | |
| r-devel-linux-x86_64-fedora-clang | 0.4.3.1 | 34.00 | 196.78 | 230.78 | OK | |
| r-devel-linux-x86_64-fedora-gcc | 0.4.3.1 | 19.00 | 217.70 | 236.70 | OK | |
| r-devel-windows-x86_64 | 0.4.3.1 | 113.00 | 1480.00 | 1593.00 | OK | |
| r-patched-linux-x86_64 | 0.4.3.1 | 7.52 | 116.41 | 123.93 | OK | |
| r-release-linux-x86_64 | 0.4.3.1 | 8.01 | 115.28 | 123.29 | OK | |
| r-release-macos-arm64 | 0.4.3.1 | 5.00 | 81.00 | 86.00 | OK | |
| r-release-macos-x86_64 | 0.4.3.1 | 14.00 | 130.00 | 144.00 | OK | |
| r-release-windows-x86_64 | 0.4.3.1 | 98.00 | 670.00 | 768.00 | OK | |
| r-oldrel-macos-arm64 | 0.4.3.1 | 5.00 | 59.00 | 64.00 | NOTE | |
| r-oldrel-macos-x86_64 | 0.4.3.1 | 7.00 | 89.00 | 96.00 | NOTE | |
| r-oldrel-windows-x86_64 | 0.4.3.1 | 68.00 | 519.00 | 587.00 | NOTE | 
Version: 0.4.3.1
Check: CRAN incoming feasibility
Result: NOTE
  Maintainer: ‘S. Thomas Kelly <tomkellygenetics@gmail.com>’
  
  The Description field contains
    to Leiden: guaranteeing well-connected communities. <arXiv:1810.08473>.
  Please refer to arXiv e-prints via their arXiv DOI <doi:10.48550/arXiv.YYMM.NNNNN>.
Flavors: r-devel-linux-x86_64-debian-clang, r-devel-linux-x86_64-debian-gcc
Version: 0.4.3.1
Check: installed package size
Result: NOTE
    installed size is  5.5Mb
    sub-directories of 1Mb or more:
      doc   5.3Mb
Flavors: r-oldrel-macos-arm64, r-oldrel-macos-x86_64, r-oldrel-windows-x86_64