Last updated on 2025-11-03 12:49:55 CET.
| Flavor | Version | Tinstall | Tcheck | Ttotal | Status | Flags | 
|---|---|---|---|---|---|---|
| r-devel-linux-x86_64-debian-clang | 0.2-10 | 17.40 | 197.04 | 214.44 | NOTE | |
| r-devel-linux-x86_64-debian-gcc | 0.2-10 | 12.57 | 135.95 | 148.52 | NOTE | |
| r-devel-linux-x86_64-fedora-clang | 0.2-10 | 71.00 | 271.73 | 342.73 | OK | |
| r-devel-linux-x86_64-fedora-gcc | 0.2-10 | 34.00 | 285.33 | 319.33 | OK | |
| r-devel-windows-x86_64 | 0.2-10 | 18.00 | 210.00 | 228.00 | NOTE | |
| r-patched-linux-x86_64 | 0.2-10 | 17.79 | 181.82 | 199.61 | NOTE | |
| r-release-linux-x86_64 | 0.2-10 | 17.38 | 181.82 | 199.20 | NOTE | |
| r-release-macos-arm64 | 0.2-10 | 6.00 | 82.00 | 88.00 | OK | |
| r-release-macos-x86_64 | 0.2-10 | 13.00 | 152.00 | 165.00 | OK | |
| r-release-windows-x86_64 | 0.2-10 | 18.00 | 202.00 | 220.00 | NOTE | |
| r-oldrel-macos-arm64 | 0.2-10 | 7.00 | 84.00 | 91.00 | OK | |
| r-oldrel-macos-x86_64 | 0.2-10 | 11.00 | 121.00 | 132.00 | OK | |
| r-oldrel-windows-x86_64 | 0.2-10 | 26.00 | 260.00 | 286.00 | OK | 
Version: 0.2-10
Check: CRAN incoming feasibility
Result: NOTE
  Maintainer: ‘Stamatis Kalogirou <stamatis.science@gmail.com>’
  
  No Authors@R field in DESCRIPTION.
  Please add one, modifying
    Authors@R: person(given = "Stamatis",
                      family = "Kalogirou",
                      role = c("aut", "cre"),
                      email = "stamatis.science@gmail.com")
  as necessary.
Flavors: r-devel-linux-x86_64-debian-clang, r-devel-linux-x86_64-debian-gcc
Version: 0.2-10
Check: Rd cross-references
Result: NOTE
  Found the following Rd file(s) with Rd \link{} targets missing package
  anchors:
    gw.zi.Rd: zeroinfl
    gw.zi.bw.Rd: zeroinfl
    gw.zi.cv.Rd: zeroinfl
    gw.zi.light.Rd: zeroinfl
    gw.zi.mc.test.Rd: zeroinfl
  Please provide package anchors for all Rd \link{} targets not in the
  package itself and the base packages.
Flavors: r-devel-linux-x86_64-debian-clang, r-devel-linux-x86_64-debian-gcc, r-devel-windows-x86_64, r-patched-linux-x86_64, r-release-linux-x86_64, r-release-windows-x86_64