Last updated on 2024-07-18 01:55:34 CEST.
Flavor | Version | Tinstall | Tcheck | Ttotal | Status | Flags |
---|---|---|---|---|---|---|
r-devel-linux-x86_64-debian-clang | 1.1.4 | 11.90 | 82.44 | 94.34 | OK | |
r-devel-linux-x86_64-debian-gcc | 1.1.4 | 7.73 | 60.15 | 67.88 | OK | |
r-devel-linux-x86_64-fedora-clang | 1.1.4 | 113.70 | NOTE | |||
r-devel-linux-x86_64-fedora-gcc | 1.1.4 | 107.29 | OK | |||
r-devel-windows-x86_64 | 1.1.4 | 13.00 | 84.00 | 97.00 | NOTE | |
r-patched-linux-x86_64 | 1.1.4 | 11.11 | 78.65 | 89.76 | OK | |
r-release-linux-x86_64 | 1.1.4 | 12.22 | 76.81 | 89.03 | OK | |
r-release-macos-arm64 | 1.1.4 | 34.00 | OK | |||
r-release-macos-x86_64 | 1.1.4 | 50.00 | OK | |||
r-release-windows-x86_64 | 1.1.4 | 12.00 | 84.00 | 96.00 | OK | |
r-oldrel-macos-arm64 | 1.1.4 | 35.00 | OK | |||
r-oldrel-macos-x86_64 | 1.1.4 | 53.00 | OK | |||
r-oldrel-windows-x86_64 | 1.1.4 | 15.00 | 96.00 | 111.00 | OK |
Version: 1.1.4
Check: Rd cross-references
Result: NOTE
Undeclared package ‘gridExtra’ in Rd xrefs
Flavor: r-devel-linux-x86_64-fedora-clang
Version: 1.1.4
Check: Rd cross-references
Result: NOTE
Found the following Rd file(s) with Rd \link{} targets missing package
anchors:
anova.lcc.Rd: anova.lme, nlme
coef.lcc.Rd: nlme
getVarCov.lcc.Rd: nlme
lcc.Rd: nlme
logLik.lcc.Rd: nlme
print.anova.lcc.Rd: anova.lme, nlme
ranef.lcc.Rd: nlme
residuals.lcc.Rd: nlme
vcov.lcc.Rd: nlme
Please provide package anchors for all Rd \link{} targets not in the
package itself and the base packages.
Flavor: r-devel-windows-x86_64