Last updated on 2025-11-03 12:49:55 CET.
| Flavor | Version | Tinstall | Tcheck | Ttotal | Status | Flags | 
|---|---|---|---|---|---|---|
| r-devel-linux-x86_64-debian-clang | 1.1 | 29.71 | 214.74 | 244.45 | NOTE | |
| r-devel-linux-x86_64-debian-gcc | 1.1 | 23.00 | 155.47 | 178.47 | NOTE | |
| r-devel-linux-x86_64-fedora-clang | 1.1 | 136.00 | 254.73 | 390.73 | OK | |
| r-devel-linux-x86_64-fedora-gcc | 1.1 | 35.00 | 172.52 | 207.52 | OK | |
| r-devel-windows-x86_64 | 1.1 | 22.00 | 142.00 | 164.00 | OK | |
| r-patched-linux-x86_64 | 1.1 | 27.37 | 204.25 | 231.62 | OK | |
| r-release-linux-x86_64 | 1.1 | 25.41 | 203.88 | 229.29 | OK | |
| r-release-macos-arm64 | 1.1 | 10.00 | 58.00 | 68.00 | OK | |
| r-release-macos-x86_64 | 1.1 | 13.00 | 88.00 | 101.00 | OK | |
| r-release-windows-x86_64 | 1.1 | 19.00 | 122.00 | 141.00 | OK | |
| r-oldrel-macos-arm64 | 1.1 | 6.00 | 49.00 | 55.00 | OK | |
| r-oldrel-macos-x86_64 | 1.1 | 10.00 | 67.00 | 77.00 | OK | |
| r-oldrel-windows-x86_64 | 1.1 | 27.00 | 162.00 | 189.00 | OK | 
Version: 1.1
Check: CRAN incoming feasibility
Result: NOTE
  Maintainer: ‘Giancarlo Vercellino <giancarlo.vercellino@gmail.com>’
  
  No Authors@R field in DESCRIPTION.
  Please add one, modifying
    Authors@R: person(given = "Giancarlo",
                      family = "Vercellino",
                      role = c("aut", "cre"),
                      email = "giancarlo.vercellino@gmail.com")
  as necessary.
Flavors: r-devel-linux-x86_64-debian-clang, r-devel-linux-x86_64-debian-gcc